{"id":9603,"date":"2025-02-28T10:24:19","date_gmt":"2025-02-28T10:24:19","guid":{"rendered":"https:\/\/portal.uab.pt\/alv\/?post_type=cursos_alv&#038;p=9603"},"modified":"2026-02-11T12:12:29","modified_gmt":"2026-02-11T12:12:29","slug":"ordenamento-do-territorio-litoral","status":"publish","type":"cursos_alv","link":"https:\/\/formacao.uab.pt\/curso\/mct-ordenamento-do-territorio-litoral\/","title":{"rendered":"(Portugu\u00eas) Ordenamento do Territ\u00f3rio Litoral"},"content":{"rendered":"<p class=\"qtranxs-available-languages-message qtranxs-available-languages-message-en\">Sorry, this entry is only available in <a href=\"https:\/\/portal.uab.pt\/alv\/pt\/wp-json\/wp\/v2\/cursos_alv\/9603\" class=\"qtranxs-available-language-link qtranxs-available-language-link-pt\" title=\"Portugu\u00eas\">Portugu\u00eas<\/a>.<\/p>","protected":false},"excerpt":{"rendered":"<p>Sorry, this entry is only available in Portugu\u00eas.<\/p>\n","protected":false},"author":201,"featured_media":9607,"parent":0,"menu_order":0,"template":"","meta":{"publicado":"Publicado","dataInicioCandid":"2025-07-04","dataFimCandid":"2025-09-30","dataInicio":"2025-10-14","dataFim":"2025-12-23","duracao":"(Portugu\u00eas) 130 horas","ects":"(Portugu\u00eas) 5 ECTS","custo":"(Portugu\u00eas) 0\u20ac (curso gratuito)","formCandidatura":"(Portugu\u00eas) FORMUL\u00c1RIO DE CANDIDATURA (Clique aqui!)","urlFormCandidatura":"https:\/\/candidaturas.uab.pt\/cssnet\/page","formador1":"Catarina J\u00f3ia Santos","formador2":"Jos\u00e9 Carlos Ferreira","urlFormador1":"","urlFormador2":"","coordenador1":"Jos\u00e9 Ant\u00f3nio Porf\u00edrio","coordenador2":"Maria Ros\u00e1rio Bastos","urlCoord1":"https:\/\/paginapessoal.uab.pt\/jporfirio","urlCoord2":"https:\/\/paginapessoal.uab.pt\/rbastos","viceCoord1":"Ant\u00f3nio Eduardo Martins","viceCoord2":"","urlViceCoord1":"https:\/\/paginapessoal.uab.pt\/eduardom","urlViceCoord2":"","enquadramento":"(Portugu\u00eas) Esta unidade curricular centra-se nos desafios do ordenamento das zonas costeiras, face aos impactos das altera\u00e7\u00f5es clim\u00e1ticas e \u00e0 crescente press\u00e3o humana. Explora a complexidade da gest\u00e3o litoral, abordando metodologias de an\u00e1lise espacial, diagn\u00f3stico de vulnerabilidades, capacidade de carga e planeamento estrat\u00e9gico. S\u00e3o analisadas pol\u00edticas p\u00fablicas, instrumentos legais e t\u00e9cnicas de monitoriza\u00e7\u00e3o, promovendo um ordenamento equilibrado que garanta a sustentabilidade ambiental e socioecon\u00f3mica. O curso sublinha ainda a import\u00e2ncia do envolvimento ativo das comunidades costeiras e da literacia costeira, fundamentais para implementar modelos eficazes de gest\u00e3o e prote\u00e7\u00e3o destas \u00e1reas sens\u00edveis.","destinatarios":"(Portugu\u00eas) S\u00e3o destinat\u00e1rios desta microcredencial todos aqueles que pretendam aprofundar o seu conhecimento sobre as zonas costeiras, nomeadamente nas suas vertentes da Hist\u00f3ria Ambiental e Turismo, bem como, de processos digitais e em rede.\r\n\r\nConsideram-se como destinat\u00e1rios privilegiados os seguintes p\u00fablicos:\r\n1) Titulares do grau do ensino secund\u00e1rio (12\u00ba ano de escolaridade) ou equivalente e com resid\u00eancia fiscal em Portugal, durante a frequ\u00eancia da forma\u00e7\u00e3o;\r\n2) Educadores de \u00e1reas de forma\u00e7\u00e3o relacionadas com o tema do curso;\r\n3) Profissionais de \u00e1reas adstritas \u00e0 gest\u00e3o do territ\u00f3rio, turismo, hist\u00f3ria, ambiente, literacia digital, entre outras;\r\n4) Empreendedores na \u00e1rea do turismo com especial \u00eanfase nas zonas costeiras;\r\n5) T\u00e9cnicos superiores cuja atividade profissional se relacione com zonas costeiras; Autarquias, Associa\u00e7\u00f5es, ONG\u2019S, entre outras entidades.","saidasProf":"","condFreq":"(Portugu\u00eas) Este curso rege-se pelo Regulamento da oferta educativa da Universidade Aberta. Podem candidatar-se a este curso:\r\n\r\n\u2022 titular que tenha obtido no m\u00ednimo o grau do ensino secund\u00e1rio (12\u00ba ano de escolaridade) ou equivalente;\r\n\u2022 titular de resid\u00eancia em Portugal.\r\n\r\nDurante o processo de candidatura surgir\u00e1 um campo a solicitar que indique o local de exame - escolha um qualquer para poder avan\u00e7ar o processo de candidatura; o local n\u00e3o \u00e9 considerado dado que este curso n\u00e3o tem exames presenciais.","objetivos":"(Portugu\u00eas) 1. Desenvolver esp\u00edrito cr\u00edtico, capacidades de an\u00e1lise e de resolu\u00e7\u00e3o de problemas que afetam as comunidades costeiras e promover a obten\u00e7\u00e3o de conhecimentos fundamentais relativos ao planeamento, gest\u00e3o e ordenamento do litoral;\r\n2. Estimular a participa\u00e7\u00e3o ativa dos\/as estudantes nas comunidades locais, atrav\u00e9s do desenvolvimento de projetos que promovam solu\u00e7\u00f5es baseadas na natureza e na resili\u00eancia comunit\u00e1ria.","competencias":"(Portugu\u00eas) a) Capacitar os\/as estudantes com os fundamentos e conceitos mais recentes e as estrat\u00e9gias, as t\u00e9cnicas e os m\u00e9todos mais inovadores de planeamento, ordenamento e gest\u00e3o integrada de zonas costeiras, com \u00eanfase no planeamento ambiental para a sustentabilidade e resili\u00eancia das comunidades;\r\nb) Fomentar a capacidade de identificar e mitigar os impactos das atividades humanas no litoral, promovendo solu\u00e7\u00f5es baseadas na natureza e na resili\u00eancia comunit\u00e1ria.","bibliografia":"","metodologia":"As atividades de ensino-aprendizagem s\u00e3o realizadas em regime de ensino a dist\u00e2ncia, em ambiente completamente virtual com recurso a uma plataforma de e-learning. O primeiro semestre \u00e9 antecedido por um m\u00f3dulo inicial de Ambienta\u00e7\u00e3o Online com a dura\u00e7\u00e3o de uma semana, com o objetivo de permitir que as\/os estudantes se familiarizem com o ambiente de trabalho da PlataformAbERTA da Universidade Aberta e adquiram compet\u00eancias fundamentais de comunica\u00e7\u00e3o online e compet\u00eancias sociais necess\u00e1rias \u00e0 constru\u00e7\u00e3o de uma comunidade de aprendizagem virtual.","conteudo":"(Portugu\u00eas) 1. Os Desafios das Comunidades Costeiras face ao impacto das altera\u00e7\u00f5es clim\u00e1ticas;\r\n2. A Complexidade da Gest\u00e3o Litoral, Atores e Institui\u00e7\u00f5es;\r\n3. Metodologias e T\u00e9cnicas de An\u00e1lise Espacial, Diagn\u00f3stico e Prospetiva para a Gest\u00e3o Sustent\u00e1vel;\r\n4. Metodologias de Gest\u00e3o Sustent\u00e1vel dos Recursos, dos Impactes e dos Riscos;\r\n5. T\u00e9cnicas de Avalia\u00e7\u00e3o da Vulnerabilidade e capacidade de carga;\r\n6. Definir Estrat\u00e9gias de Planeamento e Gest\u00e3o (Modelos e Pol\u00edticas) e instrumentos de monitoriza\u00e7\u00e3o e avalia\u00e7\u00e3o;\r\n7. Envolvimento Ativo de Comunidades Costeiras e Processos de Literacia Costeira.","avaliacao":"","cd_curso":"","footnotes":""},"tags":[],"programasALV":[48],"class_list":["post-9603","cursos_alv","type-cursos_alv","status-publish","has-post-thumbnail","hentry","programasALV-microcredenciais","post-thumb"],"_links":{"self":[{"href":"https:\/\/portal.uab.pt\/alv\/en\/wp-json\/wp\/v2\/cursos_alv\/9603","targetHints":{"allow":["GET"]}}],"collection":[{"href":"https:\/\/portal.uab.pt\/alv\/en\/wp-json\/wp\/v2\/cursos_alv"}],"about":[{"href":"https:\/\/portal.uab.pt\/alv\/en\/wp-json\/wp\/v2\/types\/cursos_alv"}],"author":[{"embeddable":true,"href":"https:\/\/portal.uab.pt\/alv\/en\/wp-json\/wp\/v2\/users\/201"}],"version-history":[{"count":10,"href":"https:\/\/portal.uab.pt\/alv\/en\/wp-json\/wp\/v2\/cursos_alv\/9603\/revisions"}],"predecessor-version":[{"id":10642,"href":"https:\/\/portal.uab.pt\/alv\/en\/wp-json\/wp\/v2\/cursos_alv\/9603\/revisions\/10642"}],"wp:featuredmedia":[{"embeddable":true,"href":"https:\/\/portal.uab.pt\/alv\/en\/wp-json\/wp\/v2\/media\/9607"}],"wp:attachment":[{"href":"https:\/\/portal.uab.pt\/alv\/en\/wp-json\/wp\/v2\/media?parent=9603"}],"wp:term":[{"taxonomy":"post_tag","embeddable":true,"href":"https:\/\/portal.uab.pt\/alv\/en\/wp-json\/wp\/v2\/tags?post=9603"},{"taxonomy":"programasALV","embeddable":true,"href":"https:\/\/portal.uab.pt\/alv\/en\/wp-json\/wp\/v2\/programasALV?post=9603"}],"curies":[{"name":"wp","href":"https:\/\/api.w.org\/{rel}","templated":true}]}}

(Português) Ordenamento do Território Litoral

<p class="qtranxs-available-languages-message qtranxs-available-languages-message-en">Sorry, this entry is only available in <a href="https://portal.uab.pt/alv/pt/wp-json/wp/v2/cursos_alv/9603" class="qtranxs-available-language-link qtranxs-available-language-link-pt" title="Português">Português</a>.</p>

<p>Sorry, this entry is only available in Português.</p>

(Português) 130 horas

(Português) 5 ECTS

(Português) 0€ (curso gratuito)

(Português) FORMULÁRIO DE CANDIDATURA (Clique aqui!)

Catarina Jóia Santos

José Carlos Ferreira

José António Porfírio

Maria Rosário Bastos

António Eduardo Martins

(Português) Esta unidade curricular centra-se nos desafios do ordenamento das zonas costeiras, face aos impactos das alterações climáticas e à crescente pressão humana. Explora a complexidade da gestão litoral, abordando metodologias de análise espacial, diagnóstico de vulnerabilidades, capacidade de carga e planeamento estratégico. São analisadas políticas públicas, instrumentos legais e técnicas de monitorização, promovendo um ordenamento equilibrado que garanta a sustentabilidade ambiental e socioeconómica. O curso sublinha ainda a importância do envolvimento ativo das comunidades costeiras e da literacia costeira, fundamentais para implementar modelos eficazes de gestão e proteção destas áreas sensíveis.

(Português) São destinatários desta microcredencial todos aqueles que pretendam aprofundar o seu conhecimento sobre as zonas costeiras, nomeadamente nas suas vertentes da História Ambiental e Turismo, bem como, de processos digitais e em rede.

Consideram-se como destinatários privilegiados os seguintes públicos:
1) Titulares do grau do ensino secundário (12º ano de escolaridade) ou equivalente e com residência fiscal em Portugal, durante a frequência da formação;
2) Educadores de áreas de formação relacionadas com o tema do curso;
3) Profissionais de áreas adstritas à gestão do território, turismo, história, ambiente, literacia digital, entre outras;
4) Empreendedores na área do turismo com especial ênfase nas zonas costeiras;
5) Técnicos superiores cuja atividade profissional se relacione com zonas costeiras; Autarquias, Associações, ONG’S, entre outras entidades.

(Português) Este curso rege-se pelo Regulamento da oferta educativa da Universidade Aberta. Podem candidatar-se a este curso:

• titular que tenha obtido no mínimo o grau do ensino secundário (12º ano de escolaridade) ou equivalente;
• titular de residência em Portugal.

Durante o processo de candidatura surgirá um campo a solicitar que indique o local de exame - escolha um qualquer para poder avançar o processo de candidatura; o local não é considerado dado que este curso não tem exames presenciais.

(Português) 1. Desenvolver espírito crítico, capacidades de análise e de resolução de problemas que afetam as comunidades costeiras e promover a obtenção de conhecimentos fundamentais relativos ao planeamento, gestão e ordenamento do litoral;
2. Estimular a participação ativa dos/as estudantes nas comunidades locais, através do desenvolvimento de projetos que promovam soluções baseadas na natureza e na resiliência comunitária.

(Português) a) Capacitar os/as estudantes com os fundamentos e conceitos mais recentes e as estratégias, as técnicas e os métodos mais inovadores de planeamento, ordenamento e gestão integrada de zonas costeiras, com ênfase no planeamento ambiental para a sustentabilidade e resiliência das comunidades;
b) Fomentar a capacidade de identificar e mitigar os impactos das atividades humanas no litoral, promovendo soluções baseadas na natureza e na resiliência comunitária.

As atividades de ensino-aprendizagem são realizadas em regime de ensino a distância, em ambiente completamente virtual com recurso a uma plataforma de e-learning. O primeiro semestre é antecedido por um módulo inicial de Ambientação Online com a duração de uma semana, com o objetivo de permitir que as/os estudantes se familiarizem com o ambiente de trabalho da PlataformAbERTA da Universidade Aberta e adquiram competências fundamentais de comunicação online e competências sociais necessárias à construção de uma comunidade de aprendizagem virtual.

(Português) 1. Os Desafios das Comunidades Costeiras face ao impacto das alterações climáticas;
2. A Complexidade da Gestão Litoral, Atores e Instituições;
3. Metodologias e Técnicas de Análise Espacial, Diagnóstico e Prospetiva para a Gestão Sustentável;
4. Metodologias de Gestão Sustentável dos Recursos, dos Impactes e dos Riscos;
5. Técnicas de Avaliação da Vulnerabilidade e capacidade de carga;
6. Definir Estratégias de Planeamento e Gestão (Modelos e Políticas) e instrumentos de monitorização e avaliação;
7. Envolvimento Ativo de Comunidades Costeiras e Processos de Literacia Costeira.
