{"id":115,"date":"2020-08-10T08:40:18","date_gmt":"2020-08-10T08:40:18","guid":{"rendered":"http:\/\/portal.uab.pt\/alv\/?page_id=115"},"modified":"2026-04-16T15:49:14","modified_gmt":"2026-04-16T15:49:14","slug":"apresentacao","status":"publish","type":"page","link":"https:\/\/portal.uab.pt\/alv\/en\/apresentacao\/","title":{"rendered":"(Portugu\u00eas) Apresenta\u00e7\u00e3o"},"content":{"rendered":"<p>Lifelong Learning (LLL), a concept established in 1996 in a Council of Europe report, saw its action program established by Decision 2006\/1720\/EC of 15.11.2006, adopted by the European Parliament and the Council of the European Union.<\/p>\n<p>As one of the UAb&#8217;s strategic priorities, ALV aims, through non-formal courses, to acquire and improve adult competences, skills and knowledge, with a view to building active citizenship and increasing employability.<\/p>\n<p>The mission of UALV, as an organizational unit of the Universidade Aberta comparable to an organic unit, is to organize and manage specific resources in strategic areas for the University, aimed at creating, developing and offering lifelong learning programmes and courses, in articulation with the Departments.<\/p>\n<p>&nbsp;<\/p>\n<p><iframe loading=\"lazy\" title=\"Unidade de Aprendizagem ao Longo da Vida (UALV)\" width=\"620\" height=\"349\" src=\"https:\/\/www.youtube.com\/embed\/kU_JSL7BcXk?feature=oembed\" frameborder=\"0\" allow=\"accelerometer; autoplay; clipboard-write; encrypted-media; gyroscope; picture-in-picture; web-share\" referrerpolicy=\"strict-origin-when-cross-origin\" allowfullscreen><\/iframe><\/p>\n<p>&nbsp;<\/p>\n<p><strong>Team:<\/strong><\/p>\n<p>Diretor: Fernando Caetano<\/p>\n<p>Advisory: Telma Viegas<br \/>\nExecutive Secretary: Pedro Santos<br \/>\nAdministrative Secretary: Ana Pereira<\/p>\n<p>Project Impulso 2025 (PRR) &#8211;<br \/>\nProject Manager: Carla Barradas;<br \/>\nAdministrative Secretary: Patr\u00edcia Almeida; Milena Cunha.<\/p>","protected":false},"excerpt":{"rendered":"<p>Lifelong Learning (LLL), a concept established in 1996 in a Council of Europe report, saw its action program established by Decision 2006\/1720\/EC of 15.11.2006, adopted by the European Parliament and the Council of the European Union. As one of the UAb&#8217;s strategic priorities, ALV aims, through non-formal courses, to acquire and improve adult competences, skills&#x2026; <a class=\"\" href=\"https:\/\/portal.uab.pt\/alv\/en\/apresentacao\/\">Ler +<\/a><\/p>\n","protected":false},"author":1,"featured_media":0,"parent":0,"menu_order":0,"comment_status":"closed","ping_status":"closed","template":"","meta":{"footnotes":""},"class_list":["post-115","page","type-page","status-publish","hentry"],"_links":{"self":[{"href":"https:\/\/portal.uab.pt\/alv\/en\/wp-json\/wp\/v2\/pages\/115","targetHints":{"allow":["GET"]}}],"collection":[{"href":"https:\/\/portal.uab.pt\/alv\/en\/wp-json\/wp\/v2\/pages"}],"about":[{"href":"https:\/\/portal.uab.pt\/alv\/en\/wp-json\/wp\/v2\/types\/page"}],"author":[{"embeddable":true,"href":"https:\/\/portal.uab.pt\/alv\/en\/wp-json\/wp\/v2\/users\/1"}],"replies":[{"embeddable":true,"href":"https:\/\/portal.uab.pt\/alv\/en\/wp-json\/wp\/v2\/comments?post=115"}],"version-history":[{"count":26,"href":"https:\/\/portal.uab.pt\/alv\/en\/wp-json\/wp\/v2\/pages\/115\/revisions"}],"predecessor-version":[{"id":9338,"href":"https:\/\/portal.uab.pt\/alv\/en\/wp-json\/wp\/v2\/pages\/115\/revisions\/9338"}],"wp:attachment":[{"href":"https:\/\/portal.uab.pt\/alv\/en\/wp-json\/wp\/v2\/media?parent=115"}],"curies":[{"name":"wp","href":"https:\/\/api.w.org\/{rel}","templated":true}]}}

(Português) Apresentação

<p>Lifelong Learning (LLL), a concept established in 1996 in a Council of Europe report, saw its action program established by Decision 2006/1720/EC of 15.11.2006, adopted by the European Parliament and the Council of the European Union.</p>
<p>As one of the UAb&#8217;s strategic priorities, ALV aims, through non-formal courses, to acquire and improve adult competences, skills and knowledge, with a view to building active citizenship and increasing employability.</p>
<p>The mission of UALV, as an organizational unit of the Universidade Aberta comparable to an organic unit, is to organize and manage specific resources in strategic areas for the University, aimed at creating, developing and offering lifelong learning programmes and courses, in articulation with the Departments.</p>
<p>&nbsp;</p>
<p><iframe loading="lazy" title="Unidade de Aprendizagem ao Longo da Vida (UALV)" width="620" height="349" src="https://www.youtube.com/embed/kU_JSL7BcXk?feature=oembed" frameborder="0" allow="accelerometer; autoplay; clipboard-write; encrypted-media; gyroscope; picture-in-picture; web-share" referrerpolicy="strict-origin-when-cross-origin" allowfullscreen></iframe></p>
<p>&nbsp;</p>
<p><strong>Team:</strong></p>
<p>Diretor: Fernando Caetano</p>
<p>Advisory: Telma Viegas<br />
Executive Secretary: Pedro Santos<br />
Administrative Secretary: Ana Pereira</p>
<p>Project Impulso 2025 (PRR) &#8211;<br />
Project Manager: Carla Barradas;<br />
Administrative Secretary: Patrícia Almeida; Milena Cunha.</p>
