{"id":642,"date":"2017-12-06T15:11:12","date_gmt":"2017-12-06T15:11:12","guid":{"rendered":"http:\/\/portal.uab.pt\/alv\/?post_type=cursos_alv&#038;p=642"},"modified":"2019-06-11T10:28:35","modified_gmt":"2019-06-11T10:28:35","slug":"lingua-e-cultura-arabes-nivel-ii","status":"publish","type":"cursos_alv","link":"https:\/\/portal.uab.pt\/alv\/en\/cursos_alv\/lingua-e-cultura-arabes-nivel-ii\/","title":{"rendered":"(Portugu\u00eas) L\u00cdNGUA E CULTURA \u00c1RABES (N\u00cdVEL II)"},"content":{"rendered":"<p class=\"qtranxs-available-languages-message qtranxs-available-languages-message-en\">Sorry, this entry is only available in <a href=\"https:\/\/portal.uab.pt\/alv\/pt\/wp-json\/wp\/v2\/cursos_alv\/642\" class=\"qtranxs-available-language-link qtranxs-available-language-link-pt\" title=\"Portugu\u00eas\">Portugu\u00eas<\/a>.<\/p>","protected":false},"excerpt":{"rendered":"<p>Sorry, this entry is only available in Portugu\u00eas.<\/p>\n","protected":false},"author":43,"featured_media":661,"parent":0,"menu_order":0,"template":"","meta":{"publicado":"N&atildeo publicado","dataInicioCandid":"2017-12-06","dataFimCandid":"2018-02-28","dataInicio":"2018-03-05","dataFim":"2018-05-21","duracao":"52 horas\/ 11 semanas","ects":"2","custo":"150\u20ac","formCandidatura":"","urlFormCandidatura":"","formador1":"Mostafa Zekri","formador2":"","urlFormador1":"","urlFormador2":"","coordenador1":"","coordenador2":"","urlCoord1":"","urlCoord2":"","viceCoord1":"","viceCoord2":"","urlViceCoord1":"","urlViceCoord2":"","enquadramento":"Trata-se da continua\u00e7\u00e3o da aprendizagem da l\u00edngua e cultura \u00e1rabes, no n\u00edvel II, depois de uma inicia\u00e7\u00e3o a esta l\u00edngua. Os formandos aperfei\u00e7oam a escrita e a leitura da l\u00edngua \u00e1rabe. Iniciam-se na gram\u00e1tica e na comunica\u00e7\u00e3o oral.","destinatarios":"Estudantes, profissionais e p\u00fablico interessado em iniciar-se na l\u00edngua e cultura \u00e1rabes.","saidasProf":"","condFreq":"Ter frequentado as aulas de inicia\u00e7\u00e3o ao \u00c1rabe j\u00e1 realizadas na Universidade Aberta ou noutra institui\u00e7\u00e3o ou justificar de um conhecimento b\u00e1sico da l\u00edngua \u00e1rabe (alfabeto, escrita e leitura de palavras e frases simples).","objetivos":"- Aperfei\u00e7oar a escrita \u00e1rabe.\r\n- Aperfei\u00e7oar a leitura do \u00e1rabe.\r\n- Inicia\u00e7\u00e3o \u00e0 gram\u00e1tica \u00e1rabe.","competencias":"","bibliografia":"","metodologia":"O curso \u00e9 lecionado no regime online, recorrendo \u00e0 plataforma de elearning em uso na Universidade Aberta, e seguindo o modelo pedag\u00f3gico virtual desta Universidade.\r\n\r\nOs formandos ter\u00e3o de instalar uma fonte de escrita \u00e1rabe nos seus computadores.\r\n\r\nOs formandos ter\u00e3o acesso aos textos e outro tipo de material de apoio, quer na parte lingu\u00edstica quer na parte cultural.","conteudo":"Programa :\r\n\r\n- Os verbos\r\n- Conjuga\u00e7\u00e3o: passado\r\n- Conjuga\u00e7\u00e3o: presente\r\n- Conjuga\u00e7\u00e3o: Futuro\r\n- Conjuga\u00e7\u00e3o: Imperativo\r\n- Os numerais\r\n- As preposi\u00e7\u00f5es\r\n","avaliacao":"A avalia\u00e7\u00e3o final \u00e9 atribu\u00edda na escala de 0 a 20 valores e contempla tr\u00eas componentes:\r\n\r\n- Teste escrito semanal (50%)\r\n- Teste oral semanal (leitura) (50%)\r\n\r\nConsideram-se aprovados os formandos que obtiverem pelo menos 10 valores na classifica\u00e7\u00e3o final, em conformidade com os par\u00e2metros mencionados.\r\n\r\nSer\u00e1 emitido um certificado de frequ\u00eancia para os restantes casos.\r\n","cd_curso":"","footnotes":""},"tags":[],"programasALV":[23],"class_list":["post-642","cursos_alv","type-cursos_alv","status-publish","has-post-thumbnail","hentry","programasALV-extensao-universitaria-e-cultural","post-thumb"],"_links":{"self":[{"href":"https:\/\/portal.uab.pt\/alv\/en\/wp-json\/wp\/v2\/cursos_alv\/642","targetHints":{"allow":["GET"]}}],"collection":[{"href":"https:\/\/portal.uab.pt\/alv\/en\/wp-json\/wp\/v2\/cursos_alv"}],"about":[{"href":"https:\/\/portal.uab.pt\/alv\/en\/wp-json\/wp\/v2\/types\/cursos_alv"}],"author":[{"embeddable":true,"href":"https:\/\/portal.uab.pt\/alv\/en\/wp-json\/wp\/v2\/users\/43"}],"version-history":[{"count":3,"href":"https:\/\/portal.uab.pt\/alv\/en\/wp-json\/wp\/v2\/cursos_alv\/642\/revisions"}],"predecessor-version":[{"id":663,"href":"https:\/\/portal.uab.pt\/alv\/en\/wp-json\/wp\/v2\/cursos_alv\/642\/revisions\/663"}],"wp:featuredmedia":[{"embeddable":true,"href":"https:\/\/portal.uab.pt\/alv\/en\/wp-json\/wp\/v2\/media\/661"}],"wp:attachment":[{"href":"https:\/\/portal.uab.pt\/alv\/en\/wp-json\/wp\/v2\/media?parent=642"}],"wp:term":[{"taxonomy":"post_tag","embeddable":true,"href":"https:\/\/portal.uab.pt\/alv\/en\/wp-json\/wp\/v2\/tags?post=642"},{"taxonomy":"programasALV","embeddable":true,"href":"https:\/\/portal.uab.pt\/alv\/en\/wp-json\/wp\/v2\/programasALV?post=642"}],"curies":[{"name":"wp","href":"https:\/\/api.w.org\/{rel}","templated":true}]}}

(Português) LÍNGUA E CULTURA ÁRABES (NÍVEL II)

<p class="qtranxs-available-languages-message qtranxs-available-languages-message-en">Sorry, this entry is only available in <a href="https://portal.uab.pt/alv/pt/wp-json/wp/v2/cursos_alv/642" class="qtranxs-available-language-link qtranxs-available-language-link-pt" title="Português">Português</a>.</p>

<p>Sorry, this entry is only available in Português.</p>

Trata-se da continuação da aprendizagem da língua e cultura árabes, no nível II, depois de uma iniciação a esta língua. Os formandos aperfeiçoam a escrita e a leitura da língua árabe. Iniciam-se na gramática e na comunicação oral.

Estudantes, profissionais e público interessado em iniciar-se na língua e cultura árabes.

Ter frequentado as aulas de iniciação ao Árabe já realizadas na Universidade Aberta ou noutra instituição ou justificar de um conhecimento básico da língua árabe (alfabeto, escrita e leitura de palavras e frases simples).

- Aperfeiçoar a escrita árabe.
- Aperfeiçoar a leitura do árabe.
- Iniciação à gramática árabe.

O curso é lecionado no regime online, recorrendo à plataforma de elearning em uso na Universidade Aberta, e seguindo o modelo pedagógico virtual desta Universidade.

Os formandos terão de instalar uma fonte de escrita árabe nos seus computadores.

Os formandos terão acesso aos textos e outro tipo de material de apoio, quer na parte linguística quer na parte cultural.

Programa :

- Os verbos
- Conjugação: passado
- Conjugação: presente
- Conjugação: Futuro
- Conjugação: Imperativo
- Os numerais
- As preposições

A avaliação final é atribuída na escala de 0 a 20 valores e contempla três componentes:

- Teste escrito semanal (50%)
- Teste oral semanal (leitura) (50%)

Consideram-se aprovados os formandos que obtiverem pelo menos 10 valores na classificação final, em conformidade com os parâmetros mencionados.

Será emitido um certificado de frequência para os restantes casos.
