{"id":24,"date":"2017-10-25T10:10:15","date_gmt":"2017-10-25T10:10:15","guid":{"rendered":"http:\/\/portal.uab.pt\/dcet\/?page_id=24"},"modified":"2025-01-20T12:50:43","modified_gmt":"2025-01-20T12:50:43","slug":"estrutura","status":"publish","type":"page","link":"https:\/\/portal.uab.pt\/dcet\/estrutura\/","title":{"rendered":"Estrutura"},"content":{"rendered":"<p><\/p>\n<h4><span style=\"font-family: arial, helvetica, sans-serif\"><strong>Diretor<\/strong><\/span><\/h4>\n<p><a href=\"https:\/\/paginapessoal.uab.pt\/vjr\">V\u00edtor Jorge Ramos Rocio<\/a><\/p>\n<p>&nbsp;<\/p>\n<h4><span style=\"font-family: arial, helvetica, sans-serif\"><strong>Conselho Coordenador<\/strong><\/span><\/h4>\n<p><span style=\"color: #008080\">Membros<\/span><\/p>\n<p><a href=\"https:\/\/paginapessoal.uab.pt\/vjr\">V\u00edtor Jorge Ramos Rocio<\/a><\/p>\n<p><a href=\"https:\/\/paginapessoal.uab.pt\/apmoura\">Ana Lu\u00edsa Pinto de Moura L. Cunha<\/a><\/p>\n<p><a href=\"https:\/\/paginapessoal.uab.pt\/amsantos\">Arnaldo Manuel Pinto dos Santos<\/a><\/p>\n<p><a href=\"https:\/\/paginapessoal.uab.pt\/cmferreira\">C\u00e9lia Maria Dias Ferreira<\/a><\/p>\n<p><a href=\"https:\/\/paginapessoal.uab.pt\/pos\">Paulo Miguel Garcia e Costa O&#8217;Connor Shirley<\/a><\/p>\n<p><a href=\"https:\/\/paginapessoal.uab.pt\/pserranho\">Pedro Miguel Picado de Carvalho Serranho<\/a><\/p>\n<p><a href=\"https:\/\/paginapessoal.uab.pt\/wbentz\">Wolfram Florian Bentz<\/a><\/p>\n<h4><span style=\"font-family: arial, helvetica, sans-serif\"><strong>Plen\u00e1rio<\/strong><\/span><\/h4>\n<p><span style=\"font-family: arial, helvetica, sans-serif;color: #008080\">Representantes eleitos para o Conselho Cient\u00edfico<\/span><\/p>\n<p><span style=\"font-family: arial, helvetica, sans-serif;color: #008080\">Membros efetivos<\/span><\/p>\n<p style=\"padding-left: 40px\">Sandra Sofia Ferreira da Silva Caeiro<\/p>\n<p style=\"padding-left: 40px\">Nuno Miguel Marques de Sousa<\/p>\n<p><span style=\"font-family: arial, helvetica, sans-serif;color: #008080\">Membros suplentes<\/span><\/p>\n<p style=\"padding-left: 30px\">\u00a0Maria Jo\u00e3o Chaves Marques da Cunha Oliveira<\/p>\n<p>\u00a0\u00a0\u00a0\u00a0\u00a0 \u00a0 \u00a0 Leonel Caseiro Morgado<\/p>\n<p><span style=\"font-family: arial, helvetica, sans-serif;color: #008080\">Representantes eleitos para o Conselho Pedag\u00f3gico<\/span><\/p>\n<p><span style=\"font-family: arial, helvetica, sans-serif;color: #008080\">Membros efetivos<\/span><\/p>\n<p style=\"padding-left: 30px\">Paula Bacelar Valente Costa Nicolau<\/p>\n<p>\u00a0 \u00a0 \u00a0 \u00a0 \u00a0Maria do Ros\u00e1rio Olaia Duarte Ramos<\/p>\n<p><span style=\"color: #008080\">Membros suplentes<\/span><\/p>\n<p style=\"padding-left: 30px\">Pedro Duarte Pestana<\/p>\n<p>\u00a0 \u00a0 \u00a0 \u00a0 \u00a0Pedro Jos\u00e9 Silva Pereira<\/p>\n<p><span style=\"color: #008080\">Representantes eleitos pelos estudantes<\/span><\/p>\n<p style=\"padding-left: 30px\">S\u00f3nia Isabel Martins Correia Violante<\/p>\n<p style=\"padding-left: 30px\">Carlos Eduardo Lopes Sampaio<\/p>\n<p><strong><span style=\"font-family: arial, helvetica, sans-serif\"><a href=\"\/dcet\/seccoes\/\">Sec\u00e7\u00f5es<\/a><\/span><\/strong><\/p>","protected":false},"excerpt":{"rendered":"<p>Diretor V\u00edtor Jorge Ramos Rocio &nbsp; Conselho Coordenador Membros V\u00edtor Jorge Ramos Rocio Ana Lu\u00edsa Pinto de Moura L. Cunha Arnaldo Manuel Pinto dos Santos C\u00e9lia Maria Dias Ferreira Paulo Miguel Garcia e Costa O&#8217;Connor Shirley Pedro Miguel Picado de Carvalho Serranho Wolfram Florian Bentz Plen\u00e1rio Representantes eleitos para o Conselho Cient\u00edfico Membros efetivos Sandra&#x2026; <a class=\"\" href=\"https:\/\/portal.uab.pt\/dcet\/estrutura\/\">Ler +<\/a><\/p>\n","protected":false},"author":1,"featured_media":0,"parent":0,"menu_order":0,"comment_status":"closed","ping_status":"closed","template":"","meta":{"footnotes":""},"class_list":["post-24","page","type-page","status-publish","hentry"],"_links":{"self":[{"href":"https:\/\/portal.uab.pt\/dcet\/wp-json\/wp\/v2\/pages\/24","targetHints":{"allow":["GET"]}}],"collection":[{"href":"https:\/\/portal.uab.pt\/dcet\/wp-json\/wp\/v2\/pages"}],"about":[{"href":"https:\/\/portal.uab.pt\/dcet\/wp-json\/wp\/v2\/types\/page"}],"author":[{"embeddable":true,"href":"https:\/\/portal.uab.pt\/dcet\/wp-json\/wp\/v2\/users\/1"}],"replies":[{"embeddable":true,"href":"https:\/\/portal.uab.pt\/dcet\/wp-json\/wp\/v2\/comments?post=24"}],"version-history":[{"count":67,"href":"https:\/\/portal.uab.pt\/dcet\/wp-json\/wp\/v2\/pages\/24\/revisions"}],"predecessor-version":[{"id":1313,"href":"https:\/\/portal.uab.pt\/dcet\/wp-json\/wp\/v2\/pages\/24\/revisions\/1313"}],"wp:attachment":[{"href":"https:\/\/portal.uab.pt\/dcet\/wp-json\/wp\/v2\/media?parent=24"}],"curies":[{"name":"wp","href":"https:\/\/api.w.org\/{rel}","templated":true}]}}