{"id":373,"date":"2022-03-09T13:40:10","date_gmt":"2022-03-09T13:40:10","guid":{"rendered":"https:\/\/portal.uab.pt\/deed\/?page_id=373"},"modified":"2025-09-24T12:42:08","modified_gmt":"2025-09-24T12:42:08","slug":"cursos-2","status":"publish","type":"page","link":"https:\/\/portal.uab.pt\/deed\/","title":{"rendered":"cursos"},"content":{"rendered":"<p><strong>Licenciaturas 1\u00ba Ciclo<\/strong><\/p>\n<p><a href=\"https:\/\/guiadoscursos.uab.pt\/cursos\/licenciatura-em-educacao\/\">licenciatura em Educa\u00e7\u00e3o<\/a><\/p>\n<p><strong>Mestrados 2\u00ba Ciclo<\/strong><\/p>\n<p><a href=\"https:\/\/guiadoscursos.uab.pt\/cursos\/mestrado-em-administracao-e-gestao-educacional\/\">mestrado em Administra\u00e7\u00e3o e Gest\u00e3o Educacional<\/a><\/p>\n<p><a href=\"https:\/\/guiadoscursos.uab.pt\/cursos\/mestrado-em-gestao-da-informacao-e-bibliotecas-escolares\/\">mestrado em Gest\u00e3o da Informa\u00e7\u00e3o e Bibliotecas Escolares<\/a><\/p>\n<p><a href=\"https:\/\/guiadoscursos.uab.pt\/cursos\/mestrado-em-pedagogia-do-e-learning\/\">mestrado em Pedagogia do E-Learning<\/a><\/p>\n<p><a href=\"https:\/\/guiadoscursos.uab.pt\/cursos\/mestrado-em-supervisao-pedagogica\/\">mestrado em Supervis\u00e3o Pedag\u00f3gica<\/a><\/p>\n<p><strong>Doutoramento 3\u00ba ciclo<\/strong><\/p>\n<p><a href=\"https:\/\/guiadoscursos.uab.pt\/cursos\/doutoramento-em-educacao-a-distancia-e-elearning\/\">doutoramento em Educa\u00e7\u00e3o a Dist\u00e2ncia e Elearning<\/a><\/p>\n<p><a href=\"https:\/\/portal.uab.pt\/alv\/programasalv\/pos-graduacoes\/\">P\u00f3s-gradua\u00e7\u00f5es<\/a><br \/>\nCPS<\/p>","protected":false},"excerpt":{"rendered":"<p>Licenciaturas 1\u00ba Ciclo licenciatura em Educa\u00e7\u00e3o Mestrados 2\u00ba Ciclo mestrado em Administra\u00e7\u00e3o e Gest\u00e3o Educacional mestrado em Gest\u00e3o da Informa\u00e7\u00e3o e Bibliotecas Escolares mestrado em Pedagogia do E-Learning mestrado em Supervis\u00e3o Pedag\u00f3gica Doutoramento 3\u00ba ciclo doutoramento em Educa\u00e7\u00e3o a Dist\u00e2ncia e Elearning P\u00f3s-gradua\u00e7\u00f5es CPS<\/p>\n","protected":false},"author":129,"featured_media":0,"parent":0,"menu_order":0,"comment_status":"closed","ping_status":"closed","template":"","meta":{"footnotes":""},"class_list":["post-373","page","type-page","status-publish","hentry"],"_links":{"self":[{"href":"https:\/\/portal.uab.pt\/deed\/wp-json\/wp\/v2\/pages\/373","targetHints":{"allow":["GET"]}}],"collection":[{"href":"https:\/\/portal.uab.pt\/deed\/wp-json\/wp\/v2\/pages"}],"about":[{"href":"https:\/\/portal.uab.pt\/deed\/wp-json\/wp\/v2\/types\/page"}],"author":[{"embeddable":true,"href":"https:\/\/portal.uab.pt\/deed\/wp-json\/wp\/v2\/users\/129"}],"replies":[{"embeddable":true,"href":"https:\/\/portal.uab.pt\/deed\/wp-json\/wp\/v2\/comments?post=373"}],"version-history":[{"count":24,"href":"https:\/\/portal.uab.pt\/deed\/wp-json\/wp\/v2\/pages\/373\/revisions"}],"predecessor-version":[{"id":613,"href":"https:\/\/portal.uab.pt\/deed\/wp-json\/wp\/v2\/pages\/373\/revisions\/613"}],"wp:attachment":[{"href":"https:\/\/portal.uab.pt\/deed\/wp-json\/wp\/v2\/media?parent=373"}],"curies":[{"name":"wp","href":"https:\/\/api.w.org\/{rel}","templated":true}]}}