{"id":45,"date":"2017-11-24T14:30:56","date_gmt":"2017-11-24T14:30:56","guid":{"rendered":"http:\/\/portal.uab.pt\/deed\/?page_id=45"},"modified":"2025-09-24T12:16:51","modified_gmt":"2025-09-24T12:16:51","slug":"estrutura","status":"publish","type":"page","link":"https:\/\/portal.uab.pt\/deed\/estrutura\/","title":{"rendered":"Estrutura"},"content":{"rendered":"<p>O Departamento de Educa\u00e7\u00e3o e Ensino a Dist\u00e2ncia (<strong>DEED<\/strong>) apresenta a seguinte estrutura:<\/p>\n<p><strong>Diretora<\/strong><br \/>\nConselho Coordenador<br \/>\nPlen\u00e1rio<\/p>\n<p>Um conjunto de outras estruturas integra, ainda, o Departamento: Coordena\u00e7\u00f5es de Curso, Comiss\u00f5es de Apoio \u00e0 Gest\u00e3o e Secretariado Administrativo.<\/p>\n<p><strong>Diretora<\/strong><\/p>\n<p>Filipa Seabra<\/p>\n<p><strong>Conselho Coordenador<\/strong><\/p>\n<p>Ana Nobre<\/p>\n<p>Ana Patr\u00edcia Almeida<\/p>\n<p>Ant\u00f3nio Moreira<\/p>\n<p>Ant\u00f3nio Moreira Teixeira<\/p>\n<p>Isabel Huet<\/p>\n<p>Marta Abelha<\/p>\n<p><strong>Representantes eleitos para o Conselho Cient\u00edfico<\/strong><\/p>\n<p><span style=\"text-decoration: underline\">Membros efetivos<\/span><\/p>\n<p>Ana Nobre<\/p>\n<p>Marta Abelha<\/p>\n<p><strong>Representantes eleitos para o Conselho Pedag\u00f3gico<\/strong><\/p>\n<p><span style=\"text-decoration: underline\">Membros Efetivos<\/span><\/p>\n<p>Maria de F\u00e1tima Goul\u00e3o<\/p>\n<p>Maribel Pinto<\/p>\n<div id=\"regulamento\"><a href=\"https:\/\/portal.uab.pt\/deed\/wp-content\/uploads\/sites\/15\/2018\/03\/2010-REGULAMENTO-DEED.pdf\"><span style=\"font-family: arial, helvetica, sans-serif\"><b>Regulamento DEED<\/b><\/span><\/a><\/div>\n<p><\/p>","protected":false},"excerpt":{"rendered":"<p>O Departamento de Educa\u00e7\u00e3o e Ensino a Dist\u00e2ncia (DEED) apresenta a seguinte estrutura: Diretora Conselho Coordenador Plen\u00e1rio Um conjunto de outras estruturas integra, ainda, o Departamento: Coordena\u00e7\u00f5es de Curso, Comiss\u00f5es de Apoio \u00e0 Gest\u00e3o e Secretariado Administrativo. Diretora Filipa Seabra Conselho Coordenador Ana Nobre Ana Patr\u00edcia Almeida Ant\u00f3nio Moreira Ant\u00f3nio Moreira Teixeira Isabel Huet Marta&#x2026; <a class=\"\" href=\"https:\/\/portal.uab.pt\/deed\/estrutura\/\">Ler +<\/a><\/p>\n","protected":false},"author":1,"featured_media":0,"parent":0,"menu_order":0,"comment_status":"closed","ping_status":"closed","template":"","meta":{"footnotes":""},"class_list":["post-45","page","type-page","status-publish","hentry"],"_links":{"self":[{"href":"https:\/\/portal.uab.pt\/deed\/wp-json\/wp\/v2\/pages\/45","targetHints":{"allow":["GET"]}}],"collection":[{"href":"https:\/\/portal.uab.pt\/deed\/wp-json\/wp\/v2\/pages"}],"about":[{"href":"https:\/\/portal.uab.pt\/deed\/wp-json\/wp\/v2\/types\/page"}],"author":[{"embeddable":true,"href":"https:\/\/portal.uab.pt\/deed\/wp-json\/wp\/v2\/users\/1"}],"replies":[{"embeddable":true,"href":"https:\/\/portal.uab.pt\/deed\/wp-json\/wp\/v2\/comments?post=45"}],"version-history":[{"count":54,"href":"https:\/\/portal.uab.pt\/deed\/wp-json\/wp\/v2\/pages\/45\/revisions"}],"predecessor-version":[{"id":612,"href":"https:\/\/portal.uab.pt\/deed\/wp-json\/wp\/v2\/pages\/45\/revisions\/612"}],"wp:attachment":[{"href":"https:\/\/portal.uab.pt\/deed\/wp-json\/wp\/v2\/media?parent=45"}],"curies":[{"name":"wp","href":"https:\/\/api.w.org\/{rel}","templated":true}]}}