{"id":10648,"date":"2024-04-30T13:53:24","date_gmt":"2024-04-30T13:53:24","guid":{"rendered":"https:\/\/portal.uab.pt\/dsd\/?page_id=10648"},"modified":"2026-03-06T16:45:46","modified_gmt":"2026-03-06T16:45:46","slug":"recursos-educacionais-abertos-rea","status":"publish","type":"page","link":"https:\/\/portal.uab.pt\/dsd\/recursos-educacionais-abertos-rea\/","title":{"rendered":"Recursos Educacionais Abertos na UAb"},"content":{"rendered":"<p>Os Recursos Educacionais Abertos (REA) t\u00eam vindo a assumir uma relev\u00e2ncia crescente na \u00e1rea da Educa\u00e7\u00e3o Aberta, pelo potencial que encerram para apoiar a transforma\u00e7\u00e3o da educa\u00e7\u00e3o e como elemento que tem um papel determinante no cumprimento da Agenda 2030, Objetivo de Desenvolvimento Sustent\u00e1vel (ODS) 4:: Educa\u00e7\u00e3o de Qualidade, nomeadamente a n\u00edvel do ensino superior. Ao proporcionar a facilidade de acesso e ao promover a reutiliza\u00e7\u00e3o dos seus REA, a UAb pretende contribuir, de forma relevante, n\u00e3o s\u00f3 para o desenvolvimento da sua comunidade educativa, mas tamb\u00e9m da comunidade cient\u00edfica que, por defini\u00e7\u00e3o, \u00e9 global e tem indiscutivelmente interesse em REA de alta qualidade e em Acesso Aberto.<\/p>\n<div class=\"container\">\n<div class=\"row\">\n<div class=\"col-xs-12 col-sm-6 col-md-4 col-lg-4\">\n<article class=\"post type-post status-publish format-standard has-post-thumbnail hentry category-servicos post-thumb\">\n<header class=\"entry-header\">\n<div class=\"thumbnail\"><a href=\"https:\/\/repositorioaberto.uab.pt\/communities\/79c236d8-e66a-4a36-b0ae-0bbbaef8b0c1\"><img loading=\"lazy\" decoding=\"async\" class=\"alignnone wp-image-10858 size-medium\" style=\"aspect-ratio: 300 \/ 183;\" src=\"https:\/\/portal.uab.pt\/dsd\/wp-content\/uploads\/sites\/19\/2024\/05\/REPOSITORIO_ABERTO-1-300x184.jpg\" alt=\"\" width=\"300\" height=\"183\" srcset=\"https:\/\/portal.uab.pt\/dsd\/wp-content\/uploads\/sites\/19\/2024\/05\/REPOSITORIO_ABERTO-1-300x184.jpg 300w, https:\/\/portal.uab.pt\/dsd\/wp-content\/uploads\/sites\/19\/2024\/05\/REPOSITORIO_ABERTO-1.jpg 384w\" sizes=\"auto, (max-width: 300px) 100vw, 300px\" \/><\/a><\/div>\n<\/header>\n<\/article><\/div>\n<div class=\"col-xs-12 col-sm-6 col-md-4 col-lg-4\">\n<article class=\"post type-post status-publish format-standard has-post-thumbnail hentry category-servicos post-thumb\">\n<header class=\"entry-header\">\n<div class=\"thumbnail\"><a href=\"https:\/\/portal.uab.pt\/dsd\/direito-de-autor\/\"><img loading=\"lazy\" decoding=\"async\" class=\"alignnone wp-image-10948 size-medium\" style=\"aspect-ratio: 300 \/ 183;\" src=\"https:\/\/portal.uab.pt\/dsd\/wp-content\/uploads\/sites\/19\/2024\/05\/DIREITO_AUTOR_600-365-300x183.jpg\" alt=\"\" width=\"300\" height=\"183\" srcset=\"https:\/\/portal.uab.pt\/dsd\/wp-content\/uploads\/sites\/19\/2024\/05\/DIREITO_AUTOR_600-365-300x183.jpg 300w, https:\/\/portal.uab.pt\/dsd\/wp-content\/uploads\/sites\/19\/2024\/05\/DIREITO_AUTOR_600-365.jpg 600w\" sizes=\"auto, (max-width: 300px) 100vw, 300px\" \/><\/a><\/div>\n<\/header>\n<\/article><\/div>\n<div class=\"col-xs-12 col-sm-6 col-md-4 col-lg-4\">\n<article class=\"post type-post status-publish format-standard has-post-thumbnail hentry category-servicos post-thumb\">\n<header class=\"entry-header\">\n                    <a href=\"https:\/\/portal.uab.pt\/dsd\/tutoriais\/licencas-cc\/\"><img loading=\"lazy\" decoding=\"async\" class=\"alignnone wp-image-10884 size-medium\" style=\"aspect-ratio: 300 \/ 183;\" src=\"https:\/\/portal.uab.pt\/dsd\/wp-content\/uploads\/sites\/19\/2024\/05\/FAQ-CC-300x183.jpg\" alt=\"\" width=\"300\" height=\"183\" srcset=\"https:\/\/portal.uab.pt\/dsd\/wp-content\/uploads\/sites\/19\/2024\/05\/FAQ-CC-300x183.jpg 300w, https:\/\/portal.uab.pt\/dsd\/wp-content\/uploads\/sites\/19\/2024\/05\/FAQ-CC.jpg 600w\" sizes=\"auto, (max-width: 300px) 100vw, 300px\" \/><\/a><br \/>\n                <\/header>\n<\/article><\/div>\n<div class=\"col-xs-12 col-sm-6 col-md-4 col-lg-4\">\n<article class=\"post type-post status-publish format-standard has-post-thumbnail hentry category-servicos post-thumb\">\n<header class=\"entry-header\">\n                    <a href=\"https:\/\/portal.uab.pt\/dsd\/10144-2\/\"><img loading=\"lazy\" decoding=\"async\" class=\"alignnone wp-image-10622 size-medium\" style=\"aspect-ratio: 300 \/ 183;\" src=\"https:\/\/portal.uab.pt\/dsd\/wp-content\/uploads\/sites\/19\/2024\/04\/EDITORA-EUAB-300x183.jpg\" alt=\"\" width=\"300\" height=\"183\" srcset=\"https:\/\/portal.uab.pt\/dsd\/wp-content\/uploads\/sites\/19\/2024\/04\/EDITORA-EUAB-300x183.jpg 300w, https:\/\/portal.uab.pt\/dsd\/wp-content\/uploads\/sites\/19\/2024\/04\/EDITORA-EUAB.jpg 600w\" sizes=\"auto, (max-width: 300px) 100vw, 300px\" \/><\/a><br \/>\n                <\/header>\n<\/article><\/div>\n<div class=\"col-xs-12 col-sm-6 col-md-4 col-lg-4\">\n<article class=\"post type-post status-publish format-standard has-post-thumbnail hentry category-servicos post-thumb\">\n<header class=\"entry-header\">\n                    <a href=\"https:\/\/aulaberta.uab.pt\/\"><img loading=\"lazy\" decoding=\"async\" class=\"alignnone wp-image-10684 size-medium\" style=\"aspect-ratio: 300 \/ 183;\" src=\"https:\/\/portal.uab.pt\/dsd\/wp-content\/uploads\/sites\/19\/2024\/05\/AULAbERTA-300x183.jpg\" alt=\"\" width=\"300\" height=\"183\" srcset=\"https:\/\/portal.uab.pt\/dsd\/wp-content\/uploads\/sites\/19\/2024\/05\/AULAbERTA-300x183.jpg 300w, https:\/\/portal.uab.pt\/dsd\/wp-content\/uploads\/sites\/19\/2024\/05\/AULAbERTA.jpg 600w\" sizes=\"auto, (max-width: 300px) 100vw, 300px\" \/><\/a><br \/>\n                <\/header>\n<\/article><\/div>\n<div class=\"col-xs-12 col-sm-6 col-md-4 col-lg-4\">\n<article class=\"post type-post status-publish format-standard has-post-thumbnail hentry category-servicos post-thumb\">\n<header class=\"entry-header\">\n                    <a href=\"https:\/\/icde.org\/projects-and-activities\/portuguese-oer-project\/\"><img loading=\"lazy\" decoding=\"async\" class=\"alignnone wp-image-11180 size-medium\" style=\"aspect-ratio: 300 \/ 183;\" src=\"https:\/\/portal.uab.pt\/dsd\/wp-content\/uploads\/sites\/19\/2024\/06\/600x365_ICDE-300x183.jpg\" alt=\"\" width=\"300\" height=\"183\" srcset=\"https:\/\/portal.uab.pt\/dsd\/wp-content\/uploads\/sites\/19\/2024\/06\/600x365_ICDE-300x183.jpg 300w, https:\/\/portal.uab.pt\/dsd\/wp-content\/uploads\/sites\/19\/2024\/06\/600x365_ICDE.jpg 600w\" sizes=\"auto, (max-width: 300px) 100vw, 300px\" \/><\/a><br \/>\n                <\/header>\n<\/article><\/div>\n<div class=\"col-xs-12 col-sm-6 col-md-4 col-lg-4\">\n<article class=\"post type-post status-publish format-standard has-post-thumbnail hentry category-servicos post-thumb\">\n<header class=\"entry-header\">\n<div class=\"thumbnail\"><a href=\"https:\/\/portal.uab.pt\/dsd\/diretrizes-rea\/\"><img loading=\"lazy\" decoding=\"async\" class=\"alignnone wp-image-10813 size-medium\" style=\"aspect-ratio: 300 \/ 183;\" src=\"https:\/\/portal.uab.pt\/dsd\/wp-content\/uploads\/sites\/19\/2024\/05\/DIRETRIZES-REA-300x183.jpg\" alt=\"\" width=\"300\" height=\"183\" srcset=\"https:\/\/portal.uab.pt\/dsd\/wp-content\/uploads\/sites\/19\/2024\/05\/DIRETRIZES-REA-300x183.jpg 300w, https:\/\/portal.uab.pt\/dsd\/wp-content\/uploads\/sites\/19\/2024\/05\/DIRETRIZES-REA.jpg 600w\" sizes=\"auto, (max-width: 300px) 100vw, 300px\" \/><\/a><\/div>\n<\/header>\n<\/article><\/div>\n<div class=\"col-xs-12 col-sm-6 col-md-4 col-lg-4\">\n<article class=\"post type-post status-publish format-standard has-post-thumbnail hentry category-servicos post-thumb\">\n<header class=\"entry-header\">\n<div class=\"thumbnail\"><a href=\"https:\/\/portal.uab.pt\/dsd\/diretorios-rea\/\"><img loading=\"lazy\" decoding=\"async\" class=\"alignnone wp-image-10813 size-medium\" style=\"aspect-ratio: 300 \/ 183;\" src=\"https:\/\/portal.uab.pt\/dsd\/wp-content\/uploads\/sites\/19\/2026\/03\/DIRETORIOS-REA.jpg\" alt=\"\" width=\"300\" height=\"183\" \/><\/a><\/div>\n<\/header>\n<\/article><\/div>\n<\/p><\/div>\n<\/div>\n<p><\/p>","protected":false},"excerpt":{"rendered":"<p>Os Recursos Educacionais Abertos (REA) t\u00eam vindo a assumir uma relev\u00e2ncia crescente na \u00e1rea da Educa\u00e7\u00e3o Aberta, pelo potencial que encerram para apoiar a transforma\u00e7\u00e3o da educa\u00e7\u00e3o e como elemento que tem um papel determinante no cumprimento da Agenda 2030, Objetivo de Desenvolvimento Sustent\u00e1vel (ODS) 4:: Educa\u00e7\u00e3o de Qualidade, nomeadamente a n\u00edvel do ensino superior. Ao proporcionar a facilidade de acesso e ao promover a reutiliza\u00e7\u00e3o dos seus REA, a UAb pretende contribuir, de forma relevante, n\u00e3o s\u00f3 para o desenvolvimento da sua comunidade educativa, mas tamb\u00e9m da comunidade cient\u00edfica que, por defini\u00e7\u00e3o, \u00e9 global e tem indiscutivelmente interesse em REA de alta qualidade e em Acesso Aberto.<\/p>\n<div class=\"container\">\n<div class=\"row\">\n<div class=\"col-xs-12 col-sm-6 col-md-4 col-lg-4\">\n<article class=\"post type-post status-publish format-standard has-post-thumbnail hentry category-servicos post-thumb\">\n<header class=\"entry-header\">\n<div class=\"thumbnail\"><a <a class=\"more-link\" href=\"https:\/\/portal.uab.pt\/dsd\/recursos-educacionais-abertos-rea\/\">Ler +<\/a><\/p>\n","protected":false},"author":219,"featured_media":0,"parent":0,"menu_order":0,"comment_status":"closed","ping_status":"closed","template":"","meta":{"footnotes":""},"class_list":["post-10648","page","type-page","status-publish","hentry"],"_links":{"self":[{"href":"https:\/\/portal.uab.pt\/dsd\/wp-json\/wp\/v2\/pages\/10648","targetHints":{"allow":["GET"]}}],"collection":[{"href":"https:\/\/portal.uab.pt\/dsd\/wp-json\/wp\/v2\/pages"}],"about":[{"href":"https:\/\/portal.uab.pt\/dsd\/wp-json\/wp\/v2\/types\/page"}],"author":[{"embeddable":true,"href":"https:\/\/portal.uab.pt\/dsd\/wp-json\/wp\/v2\/users\/219"}],"replies":[{"embeddable":true,"href":"https:\/\/portal.uab.pt\/dsd\/wp-json\/wp\/v2\/comments?post=10648"}],"version-history":[{"count":40,"href":"https:\/\/portal.uab.pt\/dsd\/wp-json\/wp\/v2\/pages\/10648\/revisions"}],"predecessor-version":[{"id":13431,"href":"https:\/\/portal.uab.pt\/dsd\/wp-json\/wp\/v2\/pages\/10648\/revisions\/13431"}],"wp:attachment":[{"href":"https:\/\/portal.uab.pt\/dsd\/wp-json\/wp\/v2\/media?parent=10648"}],"curies":[{"name":"wp","href":"https:\/\/api.w.org\/{rel}","templated":true}]}}