{"id":732,"date":"2018-04-09T14:20:48","date_gmt":"2018-04-09T14:20:48","guid":{"rendered":"http:\/\/portal.uab.pt\/dsd\/?page_id=732"},"modified":"2025-12-02T10:00:10","modified_gmt":"2025-12-02T10:00:10","slug":"arquivo-audiovisual","status":"publish","type":"page","link":"https:\/\/portal.uab.pt\/dsd\/arquivo-audiovisual\/","title":{"rendered":"Arquivo Audiovisual"},"content":{"rendered":"<p><img loading=\"lazy\" decoding=\"async\" class=\"alignnone size-medium wp-image-9980\" src=\"https:\/\/portal.uab.pt\/dsd\/wp-content\/uploads\/sites\/19\/2023\/11\/01062020-_MG_3151_web-300x200.jpg\" alt=\"\" width=\"300\" height=\"200\" srcset=\"https:\/\/portal.uab.pt\/dsd\/wp-content\/uploads\/sites\/19\/2023\/11\/01062020-_MG_3151_web-300x200.jpg 300w, https:\/\/portal.uab.pt\/dsd\/wp-content\/uploads\/sites\/19\/2023\/11\/01062020-_MG_3151_web-768x513.jpg 768w, https:\/\/portal.uab.pt\/dsd\/wp-content\/uploads\/sites\/19\/2023\/11\/01062020-_MG_3151_web-70x48.jpg 70w, https:\/\/portal.uab.pt\/dsd\/wp-content\/uploads\/sites\/19\/2023\/11\/01062020-_MG_3151_web.jpg 1024w\" sizes=\"auto, (max-width: 300px) 100vw, 300px\" \/><\/p>\n<p>O Arquivo Audiovisual da Universidade Aberta \u00e9 constitu\u00eddo pela produ\u00e7\u00e3o audiovisual da UAb bem como das institui\u00e7\u00f5es que a antecederam:\u00a0 Instituto de Meios Audiovisuais da Educa\u00e7\u00e3o (IMAVE); Instituto de Tecnologia Educativa (ITE); Instituto Portugu\u00eas de Ensino a Dist\u00e2ncia (IPED); Projeto Universidade Aberta (PUA).<\/p>\n<p>Este \u00e9 um acervo de carater\u00edsticas singulares, de interesse para a Institui\u00e7\u00e3o mas tamb\u00e9m para a mem\u00f3ria coletiva. Os conte\u00fados documentam a evolu\u00e7\u00e3o das ferramentas e dos m\u00e9todos aplicados ao longo dos tempos, nas pr\u00e1ticas de ensino a dist\u00e2ncia em Portugal.<\/p>\n<p>A produ\u00e7\u00e3o audiovisual est\u00e1 a ser digitalizada no \u00e2mbito do projeto de salvaguarda e preserva\u00e7\u00e3o do acervo.<\/p>\n<p>O trabalho empreendido compreende, para al\u00e9m da identifica\u00e7\u00e3o, organiza\u00e7\u00e3o e classifica\u00e7\u00e3o, a migra\u00e7\u00e3o dos suportes para formatos pass\u00edveis de leitura pelas tecnologias atuais, de modo a garantir a preserva\u00e7\u00e3o e o acesso continuado a estes recursos \u00fanicos.<\/p>\n<p>De modo a promover a valoriza\u00e7\u00e3o do acervo, possibilitar a visualiza\u00e7\u00e3o e (re)utiliza\u00e7\u00e3o dos conte\u00fados, os recursos digitalizados s\u00e3o disponibilizados no Reposit\u00f3rio Aberto, como <a href=\"https:\/\/repositorioaberto.uab.pt\/handle\/10400.2\/4664\" target=\"_blank\" rel=\"noopener\"><strong>Recursos Educacionais Abertos<\/strong><\/a>.<\/p>\n<p><a href=\"https:\/\/forms.office.com\/Pages\/ResponsePage.aspx?id=VxLjWH_3WE2XBdC26g-e5GRW6sfnyYREs5pv5aZGotlURUxFQUYyNjFXMDVBWFJQVVI1TlFQSUs0Ri4u\" target=\"_blank\" rel=\"noopener\"><strong>PEDIDO DE CONTE\u00daDOS DO ARQUIVO AUDIOVISUAL UAb<\/strong><\/a><\/p>\n<p>Para mais informa\u00e7\u00f5es contacte <strong><a href=\"mailto:DSDI.ArquivoAudiovisual@uab.pt\" target=\"_blank\" rel=\"noopener\">DSDI.ArquivoAudiovisual@uab.pt<\/a><\/strong><\/p>","protected":false},"excerpt":{"rendered":"<p><img loading=\"lazy\" decoding=\"async\" class=\"alignnone size-medium wp-image-9980\" src=\"https:\/\/portal.uab.pt\/dsd\/wp-content\/uploads\/sites\/19\/2023\/11\/01062020-_MG_3151_web-300x200.jpg\" alt=\"\" width=\"300\" height=\"200\" srcset=\"https:\/\/portal.uab.pt\/dsd\/wp-content\/uploads\/sites\/19\/2023\/11\/01062020-_MG_3151_web-300x200.jpg 300w, https:\/\/portal.uab.pt\/dsd\/wp-content\/uploads\/sites\/19\/2023\/11\/01062020-_MG_3151_web-768x513.jpg 768w, https:\/\/portal.uab.pt\/dsd\/wp-content\/uploads\/sites\/19\/2023\/11\/01062020-_MG_3151_web-70x48.jpg 70w, https:\/\/portal.uab.pt\/dsd\/wp-content\/uploads\/sites\/19\/2023\/11\/01062020-_MG_3151_web.jpg 1024w\" sizes=\"auto, (max-width: 300px) 100vw, 300px\" \/><\/p>\n<p>O Arquivo Audiovisual da Universidade Aberta \u00e9 constitu\u00eddo pela produ\u00e7\u00e3o audiovisual da UAb bem como das institui\u00e7\u00f5es que a antecederam:\u00a0 Instituto de Meios Audiovisuais da Educa\u00e7\u00e3o (IMAVE); Instituto de Tecnologia Educativa (ITE); Instituto Portugu\u00eas de Ensino a Dist\u00e2ncia (IPED); Projeto Universidade Aberta<a class=\"more-link\" href=\"https:\/\/portal.uab.pt\/dsd\/arquivo-audiovisual\/\">Ler +<\/a><\/p>\n","protected":false},"author":1,"featured_media":0,"parent":0,"menu_order":0,"comment_status":"closed","ping_status":"closed","template":"","meta":{"footnotes":""},"class_list":["post-732","page","type-page","status-publish","hentry"],"_links":{"self":[{"href":"https:\/\/portal.uab.pt\/dsd\/wp-json\/wp\/v2\/pages\/732","targetHints":{"allow":["GET"]}}],"collection":[{"href":"https:\/\/portal.uab.pt\/dsd\/wp-json\/wp\/v2\/pages"}],"about":[{"href":"https:\/\/portal.uab.pt\/dsd\/wp-json\/wp\/v2\/types\/page"}],"author":[{"embeddable":true,"href":"https:\/\/portal.uab.pt\/dsd\/wp-json\/wp\/v2\/users\/1"}],"replies":[{"embeddable":true,"href":"https:\/\/portal.uab.pt\/dsd\/wp-json\/wp\/v2\/comments?post=732"}],"version-history":[{"count":24,"href":"https:\/\/portal.uab.pt\/dsd\/wp-json\/wp\/v2\/pages\/732\/revisions"}],"predecessor-version":[{"id":13091,"href":"https:\/\/portal.uab.pt\/dsd\/wp-json\/wp\/v2\/pages\/732\/revisions\/13091"}],"wp:attachment":[{"href":"https:\/\/portal.uab.pt\/dsd\/wp-json\/wp\/v2\/media?parent=732"}],"curies":[{"name":"wp","href":"https:\/\/api.w.org\/{rel}","templated":true}]}}