{"id":62,"date":"2017-06-07T12:33:13","date_gmt":"2017-06-07T12:33:13","guid":{"rendered":"http:\/\/portal.uab.pt\/gestaoacademica\/?page_id=62"},"modified":"2020-01-06T13:44:54","modified_gmt":"2020-01-06T13:44:54","slug":"quem-somos","status":"publish","type":"page","link":"https:\/\/portal.uab.pt\/gestaoacademica\/quem-somos\/","title":{"rendered":"Quem Somos"},"content":{"rendered":"<p><\/p>\n<div class=\"entry-content\">\n<p>O Gabinete de Gest\u00e3o Acad\u00e9mica e Curricular (GGAC) \u00e9 um servi\u00e7o de apoio \u00e0 Reitoria da Universidade Aberta, com\u00a0<a href=\"https:\/\/portal.uab.pt\/gestaoacademica\/wp-content\/uploads\/sites\/10\/2017\/06\/GGAC_Compet\u00eancias.pdf\">compet\u00eancias<\/a> em duas grandes \u00e1reas:<\/p>\n<p style=\"padding-left: 30px\">\u00c1rea do Desenvolvimento Acad\u00e9mico \u2014 tem por objetivo apoiar a renova\u00e7\u00e3o metodol\u00f3gica no quadro educacional do designado Processo de Bolonha, com vista \u00e0 converg\u00eancia no Espa\u00e7o Europeu do Ensino Superior (EEES), e desenvolver a miss\u00e3o da UAb, designadamente, na difus\u00e3o da l\u00edngua e cultura portuguesas. A par, o gabinete assume uma componente t\u00e9cnica, respons\u00e1vel pela gest\u00e3o log\u00edstica dos dados acad\u00e9micos e de recursos associados.<\/p>\n<p style=\"padding-left: 30px\"><span style=\"color: #333333\">Colabora\u00e7\u00e3o com a \u00c1rea da Qualidade e Avalia\u00e7\u00e3o \u2014 o gabinete tem uma abordagem transversal, sendo respons\u00e1vel pela promo\u00e7\u00e3o institucional da UAb na continuidade e desenvolvimento da cultura de qualidade em paridade com as melhores pr\u00e1ticas vigentes no quadro regulamentar do ensino superior.<\/span><\/p>\n<p>&nbsp;<\/p>\n<p><span style=\"color: #333333\">O GGAC promove a realiza\u00e7\u00e3o, de modo transversal, de trabalhos de renova\u00e7\u00e3o metodol\u00f3gica do quadro educacional da UAb, visando a converg\u00eancia desta com o Sistema de Ensino Superior Europeu e os sistemas de outros pa\u00edses, com realce para os pa\u00edses de l\u00edngua portuguesa. Tem como miss\u00e3o e valores:<\/span><\/p>\n<p style=\"padding-left: 30px\"><span style=\"color: #333333\">Melhorar a qualidade das atividades que ocorrem na \u00e1rea da sua compet\u00eancia, assegurando o cumprimento dos requisitos associados com o servi\u00e7o prestado;<\/span><\/p>\n<p style=\"padding-left: 30px\"><span style=\"color: #333333\">Apoiar o desenvolvimento das pol\u00edticas de gest\u00e3o da equipa de governo da UAb, incorporando performances de qualidade para responder aos desafios perante as suas cong\u00e9neres e no Espa\u00e7o Europeu do Ensino Superior (EEES);<\/span><\/p>\n<p style=\"padding-left: 30px\"><span style=\"color: #333333\">Possibilitar o acompanhamento e apoio operacional ao desenvolvimento das atividades e dos projetos de natureza acad\u00e9mica e de extens\u00e3o universit\u00e1ria da UAb.<\/span><\/p>\n<p>&nbsp;<\/p>\n<\/div>\n<div class=\"entry-content\"><\/div>\n<p><\/p>","protected":false},"excerpt":{"rendered":"<p>O Gabinete de Gest\u00e3o Acad\u00e9mica e Curricular (GGAC) \u00e9 um servi\u00e7o de apoio \u00e0 Reitoria da Universidade Aberta, com\u00a0compet\u00eancias em duas grandes \u00e1reas: \u00c1rea do Desenvolvimento Acad\u00e9mico \u2014 tem por objetivo apoiar a renova\u00e7\u00e3o metodol\u00f3gica no quadro educacional do designado Processo de Bolonha, com vista \u00e0 converg\u00eancia no Espa\u00e7o Europeu do Ensino Superior (EEES), e&#x2026; <a class=\"more-link\" href=\"https:\/\/portal.uab.pt\/gestaoacademica\/quem-somos\/\">Ler +<\/a><\/p>\n","protected":false},"author":27,"featured_media":0,"parent":0,"menu_order":99,"comment_status":"closed","ping_status":"closed","template":"","meta":{"footnotes":""},"class_list":["post-62","page","type-page","status-publish","hentry"],"_links":{"self":[{"href":"https:\/\/portal.uab.pt\/gestaoacademica\/wp-json\/wp\/v2\/pages\/62","targetHints":{"allow":["GET"]}}],"collection":[{"href":"https:\/\/portal.uab.pt\/gestaoacademica\/wp-json\/wp\/v2\/pages"}],"about":[{"href":"https:\/\/portal.uab.pt\/gestaoacademica\/wp-json\/wp\/v2\/types\/page"}],"author":[{"embeddable":true,"href":"https:\/\/portal.uab.pt\/gestaoacademica\/wp-json\/wp\/v2\/users\/27"}],"replies":[{"embeddable":true,"href":"https:\/\/portal.uab.pt\/gestaoacademica\/wp-json\/wp\/v2\/comments?post=62"}],"version-history":[{"count":32,"href":"https:\/\/portal.uab.pt\/gestaoacademica\/wp-json\/wp\/v2\/pages\/62\/revisions"}],"predecessor-version":[{"id":1108,"href":"https:\/\/portal.uab.pt\/gestaoacademica\/wp-json\/wp\/v2\/pages\/62\/revisions\/1108"}],"wp:attachment":[{"href":"https:\/\/portal.uab.pt\/gestaoacademica\/wp-json\/wp\/v2\/media?parent=62"}],"curies":[{"name":"wp","href":"https:\/\/api.w.org\/{rel}","templated":true}]}}

<p></p>
<div class="entry-content">
<p>O Gabinete de Gestão Académica e Curricular (GGAC) é um serviço de apoio à Reitoria da Universidade Aberta, com <a href="https://portal.uab.pt/gestaoacademica/wp-content/uploads/sites/10/2017/06/GGAC_Competências.pdf">competências</a> em duas grandes áreas:</p>
<p style="padding-left: 30px">Área do Desenvolvimento Académico — tem por objetivo apoiar a renovação metodológica no quadro educacional do designado Processo de Bolonha, com vista à convergência no Espaço Europeu do Ensino Superior (EEES), e desenvolver a missão da UAb, designadamente, na difusão da língua e cultura portuguesas. A par, o gabinete assume uma componente técnica, responsável pela gestão logística dos dados académicos e de recursos associados.</p>
<p style="padding-left: 30px"><span style="color: #333333">Colaboração com a Área da Qualidade e Avaliação — o gabinete tem uma abordagem transversal, sendo responsável pela promoção institucional da UAb na continuidade e desenvolvimento da cultura de qualidade em paridade com as melhores práticas vigentes no quadro regulamentar do ensino superior.</span></p>
<p>&nbsp;</p>
<p><span style="color: #333333">O GGAC promove a realização, de modo transversal, de trabalhos de renovação metodológica do quadro educacional da UAb, visando a convergência desta com o Sistema de Ensino Superior Europeu e os sistemas de outros países, com realce para os países de língua portuguesa. Tem como missão e valores:</span></p>
<p style="padding-left: 30px"><span style="color: #333333">Melhorar a qualidade das atividades que ocorrem na área da sua competência, assegurando o cumprimento dos requisitos associados com o serviço prestado;</span></p>
<p style="padding-left: 30px"><span style="color: #333333">Apoiar o desenvolvimento das políticas de gestão da equipa de governo da UAb, incorporando performances de qualidade para responder aos desafios perante as suas congéneres e no Espaço Europeu do Ensino Superior (EEES);</span></p>
<p style="padding-left: 30px"><span style="color: #333333">Possibilitar o acompanhamento e apoio operacional ao desenvolvimento das atividades e dos projetos de natureza académica e de extensão universitária da UAb.</span></p>
<p>&nbsp;</p>
</div>
<div class="entry-content"></div>
<p></p>

<p>O Gabinete de Gestão Académica e Curricular (GGAC) é um serviço de apoio à Reitoria da Universidade Aberta, com competências em duas grandes áreas: Área do Desenvolvimento Académico — tem por objetivo apoiar a renovação metodológica no quadro educacional do designado Processo de Bolonha, com vista à convergência no Espaço Europeu do Ensino Superior (EEES), e&#x2026; <a class="more-link" href="https://portal.uab.pt/gestaoacademica/quem-somos/">Ler +</a></p>
