{"id":780,"date":"2022-05-24T15:16:20","date_gmt":"2022-05-24T15:16:20","guid":{"rendered":"https:\/\/portal.uab.pt\/investiga\/?page_id=780"},"modified":"2026-05-06T13:12:51","modified_gmt":"2026-05-06T13:12:51","slug":"dsap","status":"publish","type":"page","link":"https:\/\/portal.uab.pt\/investigacao\/dsap\/","title":{"rendered":"DIRE\u00c7\u00c3O DE SERVI\u00c7OS DE APOIO A PROJETOS"},"content":{"rendered":"<p><\/p>\n<h3>QUEM SOMOS<\/h3>\n<p>A <strong>Dire\u00e7\u00e3o de Servi\u00e7os de Apoio a Projetos (DSAP)<\/strong>\u00a0\u00e9 uma estrutura de apoio \u00e0 investiga\u00e7\u00e3o e projetos financiados, de investiga\u00e7\u00e3o e de natureza institucional, no que se refere ao planeamento e elabora\u00e7\u00e3o de candidaturas e na execu\u00e7\u00e3o administrativa e or\u00e7amental de projetos, conforme previsto no art.\u00ba 7\u00ba do <a href=\"https:\/\/portal.uab.pt\/wp-content\/uploads\/2025\/10\/Regulamento-Organico-dos-Servicos-da-Universidade-Aberta.pdf\" target=\"_blank\" rel=\"noopener\">Regulamento Org\u00e2nico dos Servi\u00e7os da Universidade Aberta<\/a>.<\/p>\n<p>&nbsp;<\/p>\n<p><strong>P\u00fablico Alvo<\/strong> &#8211; equipa reitoral, unidades org\u00e2nicas, unidades de investiga\u00e7\u00e3o, docentes e investigadores da Universidade Aberta<\/p>\n<p>&nbsp;<\/p>\n<p>A DSAP integra os seguintes servi\u00e7os:<\/p>\n<ul>\n<li><strong>Servi\u00e7o de Apoio a I&amp;D<\/strong><\/li>\n<li><strong>Servi\u00e7o de Apoio a <a href=\"https:\/\/portal.uab.pt\/investigacao\/projetos-institucionais\/\" target=\"_blank\" rel=\"noopener\">Projetos Institucionais<\/a><\/strong><\/li>\n<\/ul>\n<p>&nbsp;<\/p>\n<h3>O QUE FAZEMOS<\/h3>\n<p>Ao <strong>Servi\u00e7o de Apoio a I&amp;D<\/strong> compete:<\/p>\n<p><strong>1.<\/strong>\u00a0 Apoiar tecnicamente na elabora\u00e7\u00e3o e submiss\u00e3o de candidaturas a programas nacionais e internacionais de I&amp;D, incluindo candidaturas a financiamento de projetos de investiga\u00e7\u00e3o, programas de apoio \u00e0 forma\u00e7\u00e3o avan\u00e7ada e ao emprego cient\u00edfico;<\/p>\n<p><strong>2.<\/strong>\u00a0 Monitorizar e verificar o cumprimento do plano de execu\u00e7\u00e3o administrativa e or\u00e7amental de todos os projetos de investiga\u00e7\u00e3o em curso, garantindo a adequada interlocu\u00e7\u00e3o com as entidades financiadoras;<\/p>\n<p><strong>3.<\/strong>\u00a0 Apoiar na gest\u00e3o dos projetos, nomeadamente na prepara\u00e7\u00e3o e an\u00e1lise de documenta\u00e7\u00e3o relativa \u00e0 execu\u00e7\u00e3o or\u00e7amental e aos pedidos de pagamento, bem como na an\u00e1lise de desvios e reajuste dos planos;<\/p>\n<p><strong>4.<\/strong>\u00a0 Apoiar no lan\u00e7amento de concursos de atribui\u00e7\u00e3o de bolsas de investiga\u00e7\u00e3o;<\/p>\n<p><strong>5.<\/strong>\u00a0 Apoiar a prepara\u00e7\u00e3o de contratos no \u00e2mbito de projetos de investiga\u00e7\u00e3o;<\/p>\n<p><strong>6.<\/strong>\u00a0 Recolher e divulgar informa\u00e7\u00e3o sobre programas financeiros de I&amp;D nacionais e internacionais;<\/p>\n<p><strong>7.<\/strong>\u00a0 Gerir as candidaturas e processos de atribui\u00e7\u00f5es de pr\u00e9mios de investiga\u00e7\u00e3o;<\/p>\n<p><strong>8.<\/strong>\u00a0 Emitir parecer sobre os pedidos de apoio ao mecanismo de financiamento \u201cInvestigar +\u201d bem como proceder ao acompanhamento e monitoriza\u00e7\u00e3o da execu\u00e7\u00e3o dos apoios atribu\u00eddos;<\/p>\n<p><strong>9.<\/strong>\u00a0 Apoiar as atividades da Comiss\u00e3o de Avalia\u00e7\u00e3o e Melhoria da Investiga\u00e7\u00e3o e Desenvolvimento.<\/p>\n<h3><\/h3>\n<p>&nbsp;<\/p>\n<h3>CANDIDATURAS E PROJETOS<\/h3>\n<p class=\"x_MsoNormal\"><span data-olk-copy-source=\"MessageBody\">A <span class=\"markc6i8sk1yn\" data-markjs=\"true\" data-ogac=\"\" data-ogab=\"\" data-ogsc=\"\" data-ogsb=\"\">DSAP<\/span> disponibiliza \u00e0 comunidade da Universidade Aberta uma <strong><span class=\"markx0xsbz77u\" data-markjs=\"true\" data-ogac=\"\" data-ogab=\"\" data-ogsc=\"\" data-ogsb=\"\">plataforma<\/span> de apoio a candidaturas e projetos de investiga\u00e7\u00e3o e desenvolvimento e iniciativas institucionais<\/strong>. <\/span>A\u00a0<span class=\"markx0xsbz77u\" data-markjs=\"true\" data-ogac=\"\" data-ogab=\"\" data-ogsc=\"\" data-ogsb=\"\">plataforma<\/span>\u00a0est\u00e1 dispon\u00edvel em\u00a0<b><a title=\"URL original: https:\/\/uabpt.sharepoint.com\/sites\/CentralDSAP. Clique ou toque se confiar nesta liga\u00e7\u00e3o.\" href=\"https:\/\/uabpt.sharepoint.com\/sites\/CentralDSAP\" target=\"_blank\" rel=\"noopener noreferrer\" data-auth=\"NotApplicable\" data-linkindex=\"0\"><span class=\"x_MsoSmartlink\"><span class=\"markx0xsbz77u\" data-markjs=\"true\" data-ogac=\"\" data-ogab=\"\" data-ogsc=\"\" data-ogsb=\"\">Plataforma<\/span>\u00a0<span class=\"markc6i8sk1yn\" data-markjs=\"true\" data-ogac=\"\" data-ogab=\"\" data-ogsc=\"\" data-ogsb=\"\">DSAP<\/span>\u00a0\u2013 Home<\/span><\/a> <\/b>no <b><a title=\"https:\/\/intranet.uab.pt\/dashboard\" href=\"https:\/\/intranet.uab.pt\/dashboard\" target=\"_blank\" rel=\"noopener noreferrer\" data-auth=\"NotApplicable\" data-linkindex=\"1\">UAb : Dashboard<\/a><\/b>.<\/p>\n<p class=\"x_MsoNormal\">A intera\u00e7\u00e3o preferencial entre os proponentes de projetos e a <span class=\"markc6i8sk1yn\" data-markjs=\"true\" data-ogac=\"\" data-ogab=\"\" data-ogsc=\"\" data-ogsb=\"\">DSAP<\/span> deve realizar-se atrav\u00e9s desta <span class=\"markx0xsbz77u\" data-markjs=\"true\" data-ogac=\"\" data-ogab=\"\" data-ogsc=\"\" data-ogsb=\"\">plataforma que<\/span>\u00a0re\u00fane <strong>informa\u00e7\u00e3o sobre\u00a0<\/strong><b>programas e concursos relevantes para a UAb<\/b>, facilitando o acesso a oportunidades de financiamento e estimulando o desenvolvimento de ideias de projeto. Atrav\u00e9s da\u00a0<span class=\"markx0xsbz77u\" data-markjs=\"true\" data-ogac=\"\" data-ogab=\"\" data-ogsc=\"\" data-ogsb=\"\">plataforma<\/span>, docentes, investigadores e servi\u00e7os podem\u00a0<b>manifestar inten\u00e7\u00f5es de candidatura ou de desenvolvimento de projetos<\/b>, permitindo \u00e0\u00a0<span class=\"markc6i8sk1yn\" data-markjs=\"true\" data-ogac=\"\" data-ogab=\"\" data-ogsc=\"\" data-ogsb=\"\">DSAP<\/span>\u00a0identificar potenciais fontes de financiamento e apoiar a prepara\u00e7\u00e3o das candidaturas.<\/p>\n<p class=\"x_MsoNormal\">Para al\u00e9m destas funcionalidades, a\u00a0<span class=\"markx0xsbz77u\" data-markjs=\"true\" data-ogac=\"\" data-ogab=\"\" data-ogsc=\"\" data-ogsb=\"\">plataforma<\/span>\u00a0integra <strong>outros conte\u00fados e instrumentos de apoio<\/strong>, constituindo um espa\u00e7o de informa\u00e7\u00e3o e suporte.<\/p>\n<p>Os procedimentos relativos a candidaturas e projetos devem reger-se de acordo com o\u00a0<strong>Despacho n.\u00ba 207\/R\/2024<\/strong>. Esta informa\u00e7\u00e3o e documentos em formato Word, continuam dispon\u00edveis no <b><a title=\"https:\/\/intranet.uab.pt\/dashboard\" href=\"https:\/\/intranet.uab.pt\/dashboard\" target=\"_blank\" rel=\"noopener noreferrer\" data-auth=\"NotApplicable\" data-linkindex=\"1\">UAb : Dashboard<\/a><\/b> em <strong>Gest\u00e3o da Qualidade<\/strong>, separador\u00a0<strong>Procedimentos<\/strong>:\u00a0<strong>PSQ 20 \u2013 Investiga\u00e7\u00e3o e Desenvolvimento<\/strong>.<\/p>\n<p>&nbsp;<\/p>\n<hr \/>\n<h3>DIRETORA<\/h3>\n<p>&nbsp;<\/p>\n<p><strong>STELA RATO<\/strong><\/p>\n<p><strong>TLF.:<\/strong> 300007692<\/p>\n<p><strong>E-MAIL:<\/strong> stela.rato@uab.pt<\/p>\n<p>&nbsp;<\/p>\n<p>&nbsp;<\/p>\n<h3>EQUIPA<\/h3>\n<table style=\"height: 353px\" width=\"675\">\n<tbody>\n<tr>\n<td><b>\u00c2NGELA ANTUNES<\/b><\/p>\n<p><strong>TLF.:<\/strong> 300007756<\/p>\n<p><strong>E-MAIL:\u00a0<\/strong>angela.antunes@uab.pt<\/td>\n<td><\/td>\n<td><b>GUILHERMINA CUNHA<\/b><\/p>\n<p><strong>TLF.:<\/strong>\u00a0300002837<\/p>\n<p><strong>E-MAIL:\u00a0<\/strong>guilhermina.cunha@uab.pt<\/td>\n<\/tr>\n<tr>\n<td><b>LEONOR COUTO<\/b><\/p>\n<p><strong>TLF.:<\/strong>\u00a0300002840<\/p>\n<p><strong>E-MAIL:<\/strong>\u00a0maria.couto@uab.pt<\/td>\n<td><\/td>\n<td><b>MARTA SILVA<\/b><\/p>\n<p><strong>TLF.:<\/strong>\u00a0300002954<\/p>\n<p><strong>E-MAIL:<\/strong>marta.silva@uab.pt<\/td>\n<\/tr>\n<\/tbody>\n<tbody>\n<tr>\n<td><b>ROS\u00c1LIA CERA<\/b><\/p>\n<p><strong>TLF.:<\/strong>\u00a0300002918<\/p>\n<p><strong>E-MAIL:<\/strong>\u00a0rosalia.cera@uab.pt<\/td>\n<td><\/td>\n<td><b>TERESA SANTOS<\/b><\/p>\n<p><strong>TLF.:<\/strong>\u00a0300002960<\/p>\n<p><strong>E-MAIL:<\/strong>\u00a0TeresaM.Santos@uab.pt<\/p>\n<p>&nbsp;<\/td>\n<\/tr>\n<tr>\n<td>&nbsp;<\/p>\n<p>&nbsp;<\/p>\n<p>&nbsp;<\/p>\n<h5>OPEN-EU:<\/h5>\n<p>&nbsp;<\/p>\n<p><strong>ANA SOFIA NUNES<\/strong><\/p>\n<p><strong>TLF.:<\/strong>\u00a0300007750<\/p>\n<p><strong>E-MAIL:\u00a0<\/strong>AnaS.Nunes@uab.pt<\/p>\n<p>&nbsp;<\/td>\n<td><\/td>\n<td>&nbsp;<\/p>\n<p>&nbsp;<\/p>\n<p>&nbsp;<\/p>\n<p>&nbsp;<\/p>\n<p><b>CAROLINA COSTA<\/b><\/p>\n<p><strong>TLF.:<\/strong>\u00a0300007739<\/p>\n<p><strong>E-MAIL:<\/strong>\u00a0carolina.costa@uab.pt<\/td>\n<\/tr>\n<\/tbody>\n<\/table>\n<p>&nbsp;<\/p>\n<h3>CONTACTOS<\/h3>\n<p><strong>MORADA: <\/strong><\/p>\n<p>Rua Almirante Barroso,<\/p>\n<p>n\u00ba 38, Piso G, Sala 13<\/p>\n<p>1000-013 LISBOA<\/p>\n<p><strong>E-MAIL GERAL:<\/strong> dsap@uab.pt<\/p>","protected":false},"excerpt":{"rendered":"<p>QUEM SOMOS A Dire\u00e7\u00e3o de Servi\u00e7os de Apoio a Projetos (DSAP)\u00a0\u00e9 uma estrutura de apoio \u00e0 investiga\u00e7\u00e3o e projetos financiados, de investiga\u00e7\u00e3o&#x2026; <a class=\"\" href=\"https:\/\/portal.uab.pt\/investigacao\/dsap\/\">Ler +<\/a><\/p>\n","protected":false},"author":1,"featured_media":0,"parent":0,"menu_order":5,"comment_status":"closed","ping_status":"closed","template":"","meta":{"footnotes":""},"class_list":["post-780","page","type-page","status-publish","hentry"],"_links":{"self":[{"href":"https:\/\/portal.uab.pt\/investigacao\/wp-json\/wp\/v2\/pages\/780","targetHints":{"allow":["GET"]}}],"collection":[{"href":"https:\/\/portal.uab.pt\/investigacao\/wp-json\/wp\/v2\/pages"}],"about":[{"href":"https:\/\/portal.uab.pt\/investigacao\/wp-json\/wp\/v2\/types\/page"}],"author":[{"embeddable":true,"href":"https:\/\/portal.uab.pt\/investigacao\/wp-json\/wp\/v2\/users\/1"}],"replies":[{"embeddable":true,"href":"https:\/\/portal.uab.pt\/investigacao\/wp-json\/wp\/v2\/comments?post=780"}],"version-history":[{"count":136,"href":"https:\/\/portal.uab.pt\/investigacao\/wp-json\/wp\/v2\/pages\/780\/revisions"}],"predecessor-version":[{"id":3032,"href":"https:\/\/portal.uab.pt\/investigacao\/wp-json\/wp\/v2\/pages\/780\/revisions\/3032"}],"wp:attachment":[{"href":"https:\/\/portal.uab.pt\/investigacao\/wp-json\/wp\/v2\/media?parent=780"}],"curies":[{"name":"wp","href":"https:\/\/api.w.org\/{rel}","templated":true}]}}