{"id":1361,"date":"2022-09-02T09:33:41","date_gmt":"2022-09-02T09:33:41","guid":{"rendered":"https:\/\/portal.uab.pt\/umcla\/?page_id=1361"},"modified":"2023-01-24T12:03:39","modified_gmt":"2023-01-24T12:03:39","slug":"projetos","status":"publish","type":"page","link":"https:\/\/portal.uab.pt\/uct\/projetos\/","title":{"rendered":"Projetos"},"content":{"rendered":"<p>No \u00e2mbito da sua miss\u00e3o e do seu contexto de territorializa\u00e7\u00e3o, os Centros Locais de Aprendizagem procuram desenvolver uma interven\u00e7\u00e3o, em termos culturais e educativos, enquadrada n\u00e3o s\u00f3 nas din\u00e2micas locais e de acordo com as especificidades da respetiva \u00e1rea de influ\u00eancia, mas tamb\u00e9m na estrat\u00e9gia para a investiga\u00e7\u00e3o definida pela Universidade Aberta.<\/p>\n<p>Fique a saber um pouco mais sobre alguns dos projetos que est\u00e3o a ser desenvolvidos na rede de CLA.<\/p>\n<p><\/p>","protected":false},"excerpt":{"rendered":"<p>No \u00e2mbito da sua miss\u00e3o e do seu contexto de territorializa\u00e7\u00e3o, os Centros Locais de Aprendizagem procuram desenvolver uma interven\u00e7\u00e3o, em termos culturais e educativos, enquadrada n\u00e3o s\u00f3 nas din\u00e2micas locais e de acordo com as especificidades da respetiva \u00e1rea de influ\u00eancia, mas tamb\u00e9m na estrat\u00e9gia para a investiga\u00e7\u00e3o definida pela Universidade Aberta. Fique a<a class=\"more-link\" href=\"https:\/\/portal.uab.pt\/uct\/projetos\/\">Ler +<\/a><\/p>\n","protected":false},"author":1,"featured_media":0,"parent":0,"menu_order":0,"comment_status":"closed","ping_status":"closed","template":"T-projetos.php","meta":{"footnotes":""},"class_list":["post-1361","page","type-page","status-publish","hentry"],"_links":{"self":[{"href":"https:\/\/portal.uab.pt\/uct\/wp-json\/wp\/v2\/pages\/1361","targetHints":{"allow":["GET"]}}],"collection":[{"href":"https:\/\/portal.uab.pt\/uct\/wp-json\/wp\/v2\/pages"}],"about":[{"href":"https:\/\/portal.uab.pt\/uct\/wp-json\/wp\/v2\/types\/page"}],"author":[{"embeddable":true,"href":"https:\/\/portal.uab.pt\/uct\/wp-json\/wp\/v2\/users\/1"}],"replies":[{"embeddable":true,"href":"https:\/\/portal.uab.pt\/uct\/wp-json\/wp\/v2\/comments?post=1361"}],"version-history":[{"count":11,"href":"https:\/\/portal.uab.pt\/uct\/wp-json\/wp\/v2\/pages\/1361\/revisions"}],"predecessor-version":[{"id":4865,"href":"https:\/\/portal.uab.pt\/uct\/wp-json\/wp\/v2\/pages\/1361\/revisions\/4865"}],"wp:attachment":[{"href":"https:\/\/portal.uab.pt\/uct\/wp-json\/wp\/v2\/media?parent=1361"}],"curies":[{"name":"wp","href":"https:\/\/api.w.org\/{rel}","templated":true}]}}