{"id":43,"date":"2022-04-06T00:00:21","date_gmt":"2022-04-06T00:00:21","guid":{"rendered":"https:\/\/portal.uab.pt\/umcla\/?page_id=43"},"modified":"2026-03-25T12:12:42","modified_gmt":"2026-03-25T12:12:42","slug":"equipa","status":"publish","type":"page","link":"https:\/\/portal.uab.pt\/uct\/equipa\/","title":{"rendered":"Equipa"},"content":{"rendered":"<p>&nbsp;<\/p>\n<p><strong>\u00a0 <img loading=\"lazy\" decoding=\"async\" class=\"alignnone size-full wp-image-1096\" src=\"https:\/\/portal.uab.pt\/umcla\/wp-content\/uploads\/sites\/21\/2022\/06\/cropped-logo_cla.png\" alt=\"\" width=\"219\" height=\"109\" \/>\u00a0 CLA &#8211; Centros Locais de Aprendizagem<\/strong><\/p>\n<p>&nbsp;<\/p>\n<p>&nbsp;<\/p>\n<p><img loading=\"lazy\" decoding=\"async\" class=\"alignleft wp-image-4851 size-full\" src=\"https:\/\/portal.uab.pt\/umcla\/wp-content\/uploads\/sites\/21\/2026\/03\/Foto-Clara-e1774438864306.jpeg\" alt=\"\" width=\"140\" height=\"181\" \/><strong>Clara Ramalho<\/strong><\/p>\n<p>Chefe de Unidade de Coordena\u00e7\u00e3o Territorial (UCT)<\/p>\n<p>&nbsp;<\/p>\n<p>&nbsp;<\/p>\n<p>&nbsp;<\/p>\n<p>&nbsp;<\/p>\n<p><a href=\"https:\/\/portal.uab.pt\/umcla\/wp-content\/uploads\/sites\/21\/2026\/02\/NB_Adelia-Chumbo.pdf\" target=\"_blank\" rel=\"noopener\"><img loading=\"lazy\" decoding=\"async\" class=\"size-full wp-image-751 alignleft\" src=\"https:\/\/portal.uab.pt\/umcla\/wp-content\/uploads\/sites\/21\/2022\/05\/9.jpg\" alt=\"\" width=\"140\" height=\"181\" \/><\/a><a href=\"https:\/\/portal.uab.pt\/umcla\/wp-content\/uploads\/sites\/21\/2026\/02\/NB_Adelia-Chumbo.pdf\" target=\"_blank\" rel=\"noopener\"><strong>Ad\u00e9lia Chumbo<\/strong><\/a><\/p>\n<p>Respons\u00e1vel CLA de Reguengos de Monsaraz<\/p>\n<p>&nbsp;<\/p>\n<p>&nbsp;<\/p>\n<p>&nbsp;<\/p>\n<p>&nbsp;<\/p>\n<p><a href=\"https:\/\/portal.uab.pt\/umcla\/wp-content\/uploads\/sites\/21\/2026\/02\/NB_Amalia-Fonseca.pdf\" target=\"_blank\" rel=\"noopener\"><img loading=\"lazy\" decoding=\"async\" class=\"size-full wp-image-752 alignleft\" src=\"https:\/\/portal.uab.pt\/umcla\/wp-content\/uploads\/sites\/21\/2022\/05\/10.jpg\" alt=\"\" width=\"140\" height=\"181\" \/><\/a><a href=\"https:\/\/portal.uab.pt\/umcla\/wp-content\/uploads\/sites\/21\/2026\/02\/NB_Amalia-Fonseca.pdf\" target=\"_blank\" rel=\"noopener\"><strong>Am\u00e1lia Fonseca<\/strong><\/a><\/p>\n<p>Respons\u00e1vel CLA do Sabugal<\/p>\n<p>&nbsp;<\/p>\n<p>&nbsp;<\/p>\n<p>&nbsp;<\/p>\n<p>&nbsp;<\/p>\n<p><strong><a href=\"https:\/\/portal.uab.pt\/umcla\/wp-content\/uploads\/sites\/21\/2026\/03\/NB_Antonio-Jose-Paiva-da-Silva.pdf\" target=\"_blank\" rel=\"noopener\"><img loading=\"lazy\" decoding=\"async\" class=\"size-full wp-image-4841 alignleft\" src=\"https:\/\/portal.uab.pt\/umcla\/wp-content\/uploads\/sites\/21\/2026\/03\/Foto_Antonio-Silva.png\" alt=\"\" width=\"140\" height=\"181\" \/><\/a><a href=\"https:\/\/portal.uab.pt\/umcla\/wp-content\/uploads\/sites\/21\/2026\/03\/NB_Antonio-Jose-Paiva-da-Silva.pdf\" target=\"_blank\" rel=\"noopener\">Ant\u00f3nio Silva<\/a><\/strong><\/p>\n<p>Respons\u00e1vel CLA da Ribeira Grande<\/p>\n<p>&nbsp;<\/p>\n<p>&nbsp;<\/p>\n<p>&nbsp;<\/p>\n<p>&nbsp;<\/p>\n<p><a href=\"https:\/\/portal.uab.pt\/umcla\/wp-content\/uploads\/sites\/21\/2026\/02\/NB_Carlos-Manuel-Faria-Barradas.pdf\" target=\"_blank\" rel=\"noopener\"><img loading=\"lazy\" decoding=\"async\" class=\"size-full wp-image-767 alignleft\" src=\"https:\/\/portal.uab.pt\/umcla\/wp-content\/uploads\/sites\/21\/2022\/05\/25.png\" alt=\"\" width=\"140\" height=\"181\" \/><\/a><a href=\"https:\/\/portal.uab.pt\/umcla\/wp-content\/uploads\/sites\/21\/2026\/02\/NB_Carlos-Manuel-Faria-Barradas.pdf\" target=\"_blank\" rel=\"noopener\"><strong>Carlos Barradas<\/strong><\/a><\/p>\n<p>Respons\u00e1vel CLA da Madeira<\/p>\n<p>&nbsp;<\/p>\n<p>&nbsp;<\/p>\n<p>&nbsp;<\/p>\n<p>&nbsp;<\/p>\n<p><a href=\"https:\/\/portal.uab.pt\/umcla\/wp-content\/uploads\/sites\/21\/2026\/02\/NB_Catarina-Lima.pdf\" target=\"_blank\" rel=\"noopener\"><img loading=\"lazy\" decoding=\"async\" class=\"size-full wp-image-753 alignleft\" src=\"https:\/\/portal.uab.pt\/umcla\/wp-content\/uploads\/sites\/21\/2022\/05\/11.jpg\" alt=\"\" width=\"140\" height=\"181\" \/><\/a><a href=\"https:\/\/portal.uab.pt\/umcla\/wp-content\/uploads\/sites\/21\/2026\/02\/NB_Catarina-Lima.pdf\" target=\"_blank\" rel=\"noopener\"><strong>Catarina Lima<\/strong><\/a><\/p>\n<p>Respons\u00e1vel CLA de Ponte de Lima<\/p>\n<p>&nbsp;<\/p>\n<p>&nbsp;<\/p>\n<p>&nbsp;<\/p>\n<p>&nbsp;<\/p>\n<p><a href=\"https:\/\/portal.uab.pt\/umcla\/wp-content\/uploads\/sites\/21\/2026\/02\/NB_Catia-Lemos.pdf\" target=\"_blank\" rel=\"noopener\"><img loading=\"lazy\" decoding=\"async\" class=\"size-full wp-image-1044 alignleft\" src=\"https:\/\/portal.uab.pt\/umcla\/wp-content\/uploads\/sites\/21\/2022\/06\/Foto_Catia-Lemos.png\" alt=\"\" width=\"140\" height=\"181\" \/><\/a><a href=\"https:\/\/portal.uab.pt\/umcla\/wp-content\/uploads\/sites\/21\/2026\/02\/NB_Catia-Lemos.pdf\" target=\"_blank\" rel=\"noopener\"><strong>C\u00e1tia Lemos<\/strong><\/a><\/p>\n<p>Respons\u00e1vel CLA de S\u00e3o Jo\u00e3o da Madeira<\/p>\n<p>&nbsp;<\/p>\n<p>&nbsp;<\/p>\n<p>&nbsp;<\/p>\n<p>&nbsp;<\/p>\n<p><a href=\"https:\/\/portal.uab.pt\/umcla\/wp-content\/uploads\/sites\/21\/2026\/02\/NB_Dunia-Nunes-Palricas.pd\" target=\"_blank\" rel=\"noopener\"><img loading=\"lazy\" decoding=\"async\" class=\"alignleft wp-image-935 size-full\" src=\"https:\/\/portal.uab.pt\/umcla\/wp-content\/uploads\/sites\/21\/2022\/05\/Foto_Dunia.png\" alt=\"\" width=\"140\" height=\"181\" \/><\/a><a href=\"https:\/\/portal.uab.pt\/umcla\/wp-content\/uploads\/sites\/21\/2026\/02\/NB_Dunia-Nunes-Palricas.pd\" target=\"_blank\" rel=\"noopener\"><strong>D\u00fania Palricas<\/strong><\/a><\/p>\n<p>Respons\u00e1vel CLA de Ansi\u00e3o<\/p>\n<p>&nbsp;<\/p>\n<p>&nbsp;<\/p>\n<p>&nbsp;<\/p>\n<p>&nbsp;<\/p>\n<p><a href=\"https:\/\/portal.uab.pt\/umcla\/wp-content\/uploads\/sites\/21\/2026\/02\/NB_Elsa-Vieira.pdf\" target=\"_blank\" rel=\"noopener\"><img loading=\"lazy\" decoding=\"async\" class=\"size-full wp-image-2285 alignleft\" src=\"https:\/\/portal.uab.pt\/umcla\/wp-content\/uploads\/sites\/21\/2023\/05\/Elsa-Vieira.png\" alt=\"\" width=\"140\" height=\"181\" \/><\/a> <a href=\"https:\/\/portal.uab.pt\/umcla\/wp-content\/uploads\/sites\/21\/2026\/02\/NB_Elsa-Vieira.pdf\" target=\"_blank\" rel=\"noopener\"><strong>Elsa Vieira<\/strong><\/a><\/p>\n<p>Respons\u00e1vel CLA de Silves<\/p>\n<p>&nbsp;<\/p>\n<p>&nbsp;<\/p>\n<p>&nbsp;<\/p>\n<p>&nbsp;<\/p>\n<p style=\"text-align: left;\"><strong><a href=\"https:\/\/portal.uab.pt\/umcla\/wp-content\/uploads\/sites\/21\/2026\/02\/NB_Joana-Correia.pdf\" target=\"_blank\" rel=\"noopener\"><img loading=\"lazy\" decoding=\"async\" class=\"size-full wp-image-4752 alignleft\" src=\"https:\/\/portal.uab.pt\/umcla\/wp-content\/uploads\/sites\/21\/2026\/01\/Joana-Foto-ed.png\" alt=\"\" width=\"140\" height=\"181\" \/><\/a><a href=\"https:\/\/portal.uab.pt\/umcla\/wp-content\/uploads\/sites\/21\/2026\/02\/NB_Joana-Correia.pdf\" target=\"_blank\" rel=\"noopener\">Joana Correia<\/a><\/strong><\/p>\n<p style=\"text-align: left;\">\u00a0Respons\u00e1vel CLA de Gr\u00e2ndola<\/p>\n<p>&nbsp;<\/p>\n<p>&nbsp;<\/p>\n<p>&nbsp;<\/p>\n<p>&nbsp;<\/p>\n<p><a href=\"https:\/\/portal.uab.pt\/umcla\/wp-content\/uploads\/sites\/21\/2026\/02\/NB_Lara-Caeiro.pdf\" target=\"_blank\" rel=\"noopener\"><img loading=\"lazy\" decoding=\"async\" class=\"size-full wp-image-759 alignleft\" src=\"https:\/\/portal.uab.pt\/umcla\/wp-content\/uploads\/sites\/21\/2022\/05\/17.jpg\" alt=\"\" width=\"140\" height=\"181\" \/><\/a><a href=\"https:\/\/portal.uab.pt\/umcla\/wp-content\/uploads\/sites\/21\/2026\/02\/NB_Lara-Caeiro.pdf\" target=\"_blank\" rel=\"noopener\"><strong>Lara Caeiro<\/strong><\/a><\/p>\n<p>Respons\u00e1vel CLA do Montijo<\/p>\n<p>&nbsp;<\/p>\n<p>&nbsp;<\/p>\n<p>&nbsp;<\/p>\n<p>&nbsp;<\/p>\n<p><a href=\"https:\/\/portal.uab.pt\/umcla\/wp-content\/uploads\/sites\/21\/2026\/02\/NB_Liliana-Vasques.pdf\" target=\"_blank\" rel=\"noopener\"><img loading=\"lazy\" decoding=\"async\" class=\"size-full wp-image-760 alignleft\" src=\"https:\/\/portal.uab.pt\/umcla\/wp-content\/uploads\/sites\/21\/2022\/05\/18.jpg\" alt=\"\" width=\"140\" height=\"181\" \/><\/a><a href=\"https:\/\/portal.uab.pt\/umcla\/wp-content\/uploads\/sites\/21\/2026\/02\/NB_Liliana-Vasques.pdf\" target=\"_blank\" rel=\"noopener\"><strong>Liliana Vasques<\/strong><\/a><\/p>\n<p>Respons\u00e1vel CLA de Abrantes<\/p>\n<p>&nbsp;<\/p>\n<p>&nbsp;<\/p>\n<p>&nbsp;<\/p>\n<p>&nbsp;<\/p>\n<p><a href=\"https:\/\/portal.uab.pt\/umcla\/wp-content\/uploads\/sites\/21\/2026\/02\/NB_Manuela-Oliveira.pdf\" target=\"_blank\" rel=\"noopener\"><img loading=\"lazy\" decoding=\"async\" class=\"size-full wp-image-979 alignleft\" src=\"https:\/\/portal.uab.pt\/umcla\/wp-content\/uploads\/sites\/21\/2022\/06\/Foto_Manuela.png\" alt=\"\" width=\"140\" height=\"181\" \/><\/a><a href=\"https:\/\/portal.uab.pt\/umcla\/wp-content\/uploads\/sites\/21\/2026\/02\/NB_Manuela-Oliveira.pdf\" target=\"_blank\" rel=\"noopener\"><strong>Manuela Oliveira<\/strong><\/a><\/p>\n<p>Respons\u00e1vel do CLA da M\u00eada<\/p>\n<p>&nbsp;<\/p>\n<p>&nbsp;<\/p>\n<p>&nbsp;<\/p>\n<p>&nbsp;<\/p>\n<p><a href=\"https:\/\/portal.uab.pt\/umcla\/wp-content\/uploads\/sites\/21\/2026\/02\/NB_Patricia-Frederico.pdf\" target=\"_blank\" rel=\"noopener\"><img loading=\"lazy\" decoding=\"async\" class=\"size-full wp-image-763 alignleft\" src=\"https:\/\/portal.uab.pt\/umcla\/wp-content\/uploads\/sites\/21\/2022\/05\/21.jpg\" alt=\"\" width=\"140\" height=\"181\" \/><\/a><a href=\"https:\/\/portal.uab.pt\/umcla\/wp-content\/uploads\/sites\/21\/2026\/02\/NB_Patricia-Frederico.pdf\" target=\"_blank\" rel=\"noopener\"><strong>Patr\u00edcia Frederico<\/strong><\/a><\/p>\n<p>Respons\u00e1vel CLA da Praia da Vit\u00f3ria<\/p>\n<p>&nbsp;<\/p>\n<p>&nbsp;<\/p>\n<p>&nbsp;<\/p>\n<p>&nbsp;<\/p>\n<p><a href=\"https:\/\/portal.uab.pt\/umcla\/wp-content\/uploads\/sites\/21\/2026\/02\/NB_Sandro-Jorge.pdf\" target=\"_blank\" rel=\"noopener\"><img loading=\"lazy\" decoding=\"async\" class=\"size-full wp-image-1488 alignleft\" src=\"https:\/\/portal.uab.pt\/umcla\/wp-content\/uploads\/sites\/21\/2022\/11\/Foto-Sandro-Jorge.png\" alt=\"\" width=\"140\" height=\"181\" \/><\/a><a href=\"https:\/\/portal.uab.pt\/umcla\/wp-content\/uploads\/sites\/21\/2026\/02\/NB_Sandro-Jorge.pdf\" target=\"_blank\" rel=\"noopener\"><strong>Sandro Jorge<\/strong><\/a><\/p>\n<p>Respons\u00e1vel CLA da Madalena<\/p>\n<p>&nbsp;<\/p>\n<p>&nbsp;<\/p>\n<p>&nbsp;<\/p>\n<p>&nbsp;<\/p>\n<p><img loading=\"lazy\" decoding=\"async\" class=\"size-full wp-image-925 alignleft\" src=\"https:\/\/portal.uab.pt\/umcla\/wp-content\/uploads\/sites\/21\/2022\/05\/Foto_Sefora-Silva.png\" alt=\"\" width=\"140\" height=\"181\" \/> <strong>S\u00e9fora Silva<\/strong><\/p>\n<p>Respons\u00e1vel CLA de Porto de M\u00f3s<\/p>\n<p>&nbsp;<\/p>\n<p>&nbsp;<\/p>\n<p>&nbsp;<\/p>\n<p>&nbsp;<\/p>\n<p><a href=\"https:\/\/portal.uab.pt\/umcla\/wp-content\/uploads\/sites\/21\/2026\/02\/NB_Sonia-Meneses.pdf\" target=\"_blank\" rel=\"noopener\"><img loading=\"lazy\" decoding=\"async\" class=\"size-full wp-image-1026 alignleft\" src=\"https:\/\/portal.uab.pt\/umcla\/wp-content\/uploads\/sites\/21\/2022\/06\/Foto_Sonia-Meneses.png\" alt=\"\" width=\"140\" height=\"181\" \/><\/a><a href=\"https:\/\/portal.uab.pt\/umcla\/wp-content\/uploads\/sites\/21\/2026\/02\/NB_Sonia-Meneses.pdf\" target=\"_blank\" rel=\"noopener\"><strong>S\u00f3nia Meneses<\/strong><\/a><\/p>\n<p>Respons\u00e1vel CLA do Peso da R\u00e9gua<\/p>\n<p>&nbsp;<\/p>\n<p>&nbsp;<\/p>\n<p>&nbsp;<\/p>\n<p>&nbsp;<\/p>\n<p><a href=\"https:\/\/portal.uab.pt\/umcla\/wp-content\/uploads\/sites\/21\/2026\/02\/NB_Sonia-Valente.pdf\" target=\"_blank\" rel=\"noopener\"><img loading=\"lazy\" decoding=\"async\" class=\"alignleft wp-image-750 size-full\" src=\"https:\/\/portal.uab.pt\/umcla\/wp-content\/uploads\/sites\/21\/2022\/05\/8.jpg\" alt=\"\" width=\"140\" height=\"181\" \/><\/a><a href=\"https:\/\/portal.uab.pt\/umcla\/wp-content\/uploads\/sites\/21\/2026\/02\/NB_Sonia-Valente.pdf\" target=\"_blank\" rel=\"noopener\"><strong>S\u00f3nia Valente<\/strong><\/a><\/p>\n<p>Respons\u00e1vel CLA de Cantanhede<\/p>\n<p>&nbsp;<\/p>\n<p>&nbsp;<\/p>\n<p>&nbsp;<\/p>\n<p>&nbsp;<\/p>\n<p>&nbsp;<\/p>\n<p>Conhe\u00e7a a produ\u00e7\u00e3o acad\u00e9mica e cient\u00edfica desenvolvida em <a href=\"https:\/\/repositorioaberto.uab.pt\/\">Reposit\u00f3rio Aberto<\/a> da UAb.<\/p>","protected":false},"excerpt":{"rendered":"<p>&nbsp; \u00a0 \u00a0 CLA &#8211; Centros Locais de Aprendizagem &nbsp; &nbsp; Clara Ramalho Chefe de Unidade de Coordena\u00e7\u00e3o Territorial (UCT) &nbsp; &nbsp; &nbsp; &nbsp; Ad\u00e9lia Chumbo Respons\u00e1vel CLA de Reguengos de Monsaraz &nbsp; &nbsp; &nbsp; &nbsp; Am\u00e1lia Fonseca Respons\u00e1vel CLA do Sabugal &nbsp; &nbsp; &nbsp; &nbsp; Ant\u00f3nio Silva Respons\u00e1vel CLA da Ribeira Grande &nbsp; &nbsp;<a class=\"more-link\" href=\"https:\/\/portal.uab.pt\/uct\/equipa\/\">Ler +<\/a><\/p>\n","protected":false},"author":1,"featured_media":0,"parent":0,"menu_order":0,"comment_status":"closed","ping_status":"closed","template":"","meta":{"footnotes":""},"class_list":["post-43","page","type-page","status-publish","hentry"],"_links":{"self":[{"href":"https:\/\/portal.uab.pt\/uct\/wp-json\/wp\/v2\/pages\/43","targetHints":{"allow":["GET"]}}],"collection":[{"href":"https:\/\/portal.uab.pt\/uct\/wp-json\/wp\/v2\/pages"}],"about":[{"href":"https:\/\/portal.uab.pt\/uct\/wp-json\/wp\/v2\/types\/page"}],"author":[{"embeddable":true,"href":"https:\/\/portal.uab.pt\/uct\/wp-json\/wp\/v2\/users\/1"}],"replies":[{"embeddable":true,"href":"https:\/\/portal.uab.pt\/uct\/wp-json\/wp\/v2\/comments?post=43"}],"version-history":[{"count":166,"href":"https:\/\/portal.uab.pt\/uct\/wp-json\/wp\/v2\/pages\/43\/revisions"}],"predecessor-version":[{"id":4862,"href":"https:\/\/portal.uab.pt\/uct\/wp-json\/wp\/v2\/pages\/43\/revisions\/4862"}],"wp:attachment":[{"href":"https:\/\/portal.uab.pt\/uct\/wp-json\/wp\/v2\/media?parent=43"}],"curies":[{"name":"wp","href":"https:\/\/api.w.org\/{rel}","templated":true}]}}