{"id":1203,"date":"2022-07-15T10:55:30","date_gmt":"2022-07-15T10:55:30","guid":{"rendered":"https:\/\/portal.uab.pt\/umcla\/?page_id=1203"},"modified":"2026-03-25T12:13:29","modified_gmt":"2026-03-25T12:13:29","slug":"memorando-2","status":"publish","type":"page","link":"https:\/\/portal.uab.pt\/uct\/memorando-2\/","title":{"rendered":"Memorando"},"content":{"rendered":"<p>Neste espa\u00e7o, damos-lhe a conhecer os resultados da a\u00e7\u00e3o dos Centros Locais de Aprendizagem, na sua intera\u00e7\u00e3o com as comunidades locais e em termos do impacto que isso representa para a Universidade Aberta.<\/p>\n<ul>\n<li><a href=\"https:\/\/portal.uab.pt\/umcla\/wp-content\/uploads\/sites\/21\/2022\/07\/Relatorio-Intercalar-de-janeiro-a-junho-2022_final.pdf\" target=\"_blank\" rel=\"noopener\">Relat\u00f3rio Intercalar de janeiro a junho 2022 <\/a><\/li>\n<li><a href=\"https:\/\/portal.uab.pt\/umcla\/wp-content\/uploads\/sites\/21\/2023\/03\/Relatorio-de-Atividades-UMCLA_CLA-2022_final.pdf\" target=\"_blank\" rel=\"noopener\">Relat\u00f3rio Anual de Atividades 2022 <\/a><\/li>\n<\/ul>\n<p><\/p>","protected":false},"excerpt":{"rendered":"<p>Neste espa\u00e7o, damos-lhe a conhecer os resultados da a\u00e7\u00e3o dos Centros Locais de Aprendizagem, na sua intera\u00e7\u00e3o com as comunidades locais e em termos do impacto que isso representa para a Universidade Aberta. Relat\u00f3rio Intercalar de janeiro a junho 2022 Relat\u00f3rio Anual de Atividades 2022<\/p>\n","protected":false},"author":209,"featured_media":0,"parent":0,"menu_order":0,"comment_status":"closed","ping_status":"closed","template":"","meta":{"footnotes":""},"class_list":["post-1203","page","type-page","status-publish","hentry"],"_links":{"self":[{"href":"https:\/\/portal.uab.pt\/uct\/wp-json\/wp\/v2\/pages\/1203","targetHints":{"allow":["GET"]}}],"collection":[{"href":"https:\/\/portal.uab.pt\/uct\/wp-json\/wp\/v2\/pages"}],"about":[{"href":"https:\/\/portal.uab.pt\/uct\/wp-json\/wp\/v2\/types\/page"}],"author":[{"embeddable":true,"href":"https:\/\/portal.uab.pt\/uct\/wp-json\/wp\/v2\/users\/209"}],"replies":[{"embeddable":true,"href":"https:\/\/portal.uab.pt\/uct\/wp-json\/wp\/v2\/comments?post=1203"}],"version-history":[{"count":11,"href":"https:\/\/portal.uab.pt\/uct\/wp-json\/wp\/v2\/pages\/1203\/revisions"}],"predecessor-version":[{"id":4864,"href":"https:\/\/portal.uab.pt\/uct\/wp-json\/wp\/v2\/pages\/1203\/revisions\/4864"}],"wp:attachment":[{"href":"https:\/\/portal.uab.pt\/uct\/wp-json\/wp\/v2\/media?parent=1203"}],"curies":[{"name":"wp","href":"https:\/\/api.w.org\/{rel}","templated":true}]}}